CRAN Package Check Results for Package pkgstats

Last updated on 2023-01-31 15:55:58 CET.

Flavor Version Tinstall Tcheck Ttotal Status Flags
r-devel-linux-x86_64-debian-clang 0.1.1 14.93 50.04 64.97 NOTE
r-devel-linux-x86_64-debian-gcc 0.1.1 9.62 37.30 46.92 NOTE
r-devel-linux-x86_64-fedora-clang 0.1.1 85.43 NOTE
r-devel-linux-x86_64-fedora-gcc 0.1.1 95.26 NOTE
r-devel-windows-x86_64 0.1.1 61.00 110.00 171.00 NOTE
r-patched-linux-x86_64 0.1.1 10.43 48.02 58.45 OK
r-release-linux-x86_64 0.1.1 8.97 48.11 57.08 OK
r-release-macos-arm64 0.1.1 31.00 NOTE
r-release-macos-x86_64 0.1.1 44.00 NOTE
r-release-windows-x86_64 0.1.1 54.00 112.00 166.00 NOTE
r-oldrel-macos-arm64 0.1.1 25.00 NOTE
r-oldrel-macos-x86_64 0.1.1 45.00 NOTE
r-oldrel-windows-ix86+x86_64 0.1.1 35.00 103.00 138.00 NOTE

Check Details

Version: 0.1.1
Check: C++ specification
Result: NOTE
     Specified C++11: please update to current default of C++17
Flavors: r-devel-linux-x86_64-debian-clang, r-devel-linux-x86_64-debian-gcc, r-devel-linux-x86_64-fedora-clang, r-devel-linux-x86_64-fedora-gcc, r-devel-windows-x86_64

Version: 0.1.1
Check: installed package size
Result: NOTE
     installed size is 11.1Mb
     sub-directories of 1Mb or more:
     bin 8.6Mb
     doc 1.3Mb
Flavors: r-devel-windows-x86_64, r-release-macos-arm64, r-release-macos-x86_64, r-release-windows-x86_64, r-oldrel-macos-arm64, r-oldrel-macos-x86_64, r-oldrel-windows-ix86+x86_64