CRAN Package Check Results for Package pkgndep

Last updated on 2022-09-25 03:54:37 CEST.

Flavor Version Tinstall Tcheck Ttotal Status Flags
r-devel-linux-x86_64-debian-clang 1.2.0 15.34 367.30 382.64 OK
r-devel-linux-x86_64-debian-gcc 1.2.0 14.66 281.39 296.05 OK
r-devel-linux-x86_64-fedora-clang 1.2.0 461.57 OK
r-devel-linux-x86_64-fedora-gcc 1.2.0 459.74 OK
r-devel-windows-x86_64 1.2.0 1247.00 7.00 1254.00 ERROR
r-patched-linux-x86_64 1.2.0 15.74 403.74 419.48 OK
r-release-linux-x86_64 1.2.0 16.37 403.28 419.65 OK
r-release-macos-arm64 1.2.0 222.00 OK
r-release-macos-x86_64 1.2.0 263.00 OK
r-release-windows-x86_64 1.2.0 701.00 639.00 1340.00 OK
r-oldrel-macos-arm64 1.2.0 221.00 OK
r-oldrel-macos-x86_64 1.2.0 345.00 OK
r-oldrel-windows-ix86+x86_64 1.2.0 185.00 601.00 786.00 OK

Check Details

Version: 1.2.0
Check: whether package can be installed
Result: ERROR
    Installation failed.
Flavor: r-devel-windows-x86_64