Last updated on 2022-06-28 03:51:39 CEST.
Flavor | Version | Tinstall | Tcheck | Ttotal | Status | Flags |
---|---|---|---|---|---|---|
r-devel-linux-x86_64-debian-clang | 0.32.2 | 8.14 | 66.35 | 74.49 | OK | |
r-devel-linux-x86_64-debian-gcc | 0.32.2 | 8.26 | 49.71 | 57.97 | OK | |
r-devel-linux-x86_64-fedora-clang | 0.32.2 | 99.98 | OK | |||
r-devel-linux-x86_64-fedora-gcc | 0.32.2 | 100.11 | OK | |||
r-devel-windows-x86_64 | 0.32.2 | 105.00 | 105.00 | 210.00 | OK | |
r-patched-linux-x86_64 | 0.32.2 | 10.61 | 62.57 | 73.18 | OK | |
r-release-linux-x86_64 | 0.32.2 | 10.52 | 62.05 | 72.57 | OK | |
r-release-macos-arm64 | 0.32.2 | 32.00 | NOTE | |||
r-release-macos-x86_64 | 0.32.2 | 65.00 | OK | |||
r-release-windows-x86_64 | 0.32.2 | 106.00 | 112.00 | 218.00 | OK | |
r-oldrel-macos-arm64 | 0.32.2 | 56.00 | OK | |||
r-oldrel-macos-x86_64 | 0.32.2 | 88.00 | OK | |||
r-oldrel-windows-ix86+x86_64 | 0.32.2 | 19.00 | 90.00 | 109.00 | OK |
Version: 0.32.2
Check: package dependencies
Result: NOTE
Package suggested but not available for checking: ‘Biobase’
Flavor: r-release-macos-arm64