CRAN Package Check Results for Package pkgdown

Last updated on 2020-12-03 03:50:03 CET.

Flavor Version Tinstall Tcheck Ttotal Status Flags
r-devel-linux-x86_64-debian-clang 1.6.1 8.03 79.95 87.98 OK
r-devel-linux-x86_64-debian-gcc 1.6.1 6.46 62.50 68.96 OK
r-devel-linux-x86_64-fedora-clang 1.6.1 110.46 NOTE
r-devel-linux-x86_64-fedora-gcc 1.6.1 99.64 OK
r-devel-windows-ix86+x86_64 1.6.1 15.00 88.00 103.00 OK
r-patched-linux-x86_64 1.6.1 8.36 78.61 86.97 OK
r-patched-solaris-x86 1.6.1 103.20 OK
r-release-linux-x86_64 1.6.1 6.79 77.95 84.74 OK
r-release-macos-x86_64 1.6.1 OK
r-release-windows-ix86+x86_64 1.6.1 10.00 92.00 102.00 OK
r-oldrel-macos-x86_64 1.6.1 OK
r-oldrel-windows-ix86+x86_64 1.6.1 9.00 106.00 115.00 OK

Check Details

Version: 1.6.1
Check: Rd cross-references
Result: NOTE
    Undeclared package ‘usethis’ in Rd xrefs
Flavor: r-devel-linux-x86_64-fedora-clang