Last updated on 2023-02-08 15:52:49 CET.
Flavor | Version | Tinstall | Tcheck | Ttotal | Status | Flags |
---|---|---|---|---|---|---|
r-devel-linux-x86_64-debian-clang | 0.9.1 | 7.06 | 103.25 | 110.31 | NOTE | |
r-devel-linux-x86_64-debian-gcc | 0.9.1 | 6.22 | 74.29 | 80.51 | NOTE | |
r-devel-linux-x86_64-fedora-clang | 0.9.1 | 133.40 | NOTE | |||
r-devel-linux-x86_64-fedora-gcc | 0.9.1 | 149.78 | NOTE | |||
r-devel-windows-x86_64 | 0.9.1 | 61.00 | 146.00 | 207.00 | NOTE | |
r-patched-linux-x86_64 | 0.9.1 | 8.33 | 89.20 | 97.53 | NOTE | |
r-release-linux-x86_64 | 0.9.1 | 6.29 | 87.52 | 93.81 | NOTE | |
r-release-macos-arm64 | 0.9.1 | 37.00 | NOTE | |||
r-release-macos-x86_64 | 0.9.1 | 68.00 | NOTE | |||
r-release-windows-x86_64 | 0.9.1 | 92.00 | 136.00 | 228.00 | NOTE | |
r-oldrel-macos-arm64 | 0.9.1 | 41.00 | NOTE | |||
r-oldrel-macos-x86_64 | 0.9.1 | 71.00 | NOTE | |||
r-oldrel-windows-ix86+x86_64 | 0.9.1 | 17.00 | 122.00 | 139.00 | NOTE |
Version: 0.9.1
Check: Rd files
Result: NOTE
checkRd: (-1) sanitize_latex.Rd:49: Escaped LaTeX specials: \$
Flavors: r-devel-linux-x86_64-debian-clang, r-devel-linux-x86_64-debian-gcc, r-devel-linux-x86_64-fedora-clang, r-devel-linux-x86_64-fedora-gcc, r-devel-windows-x86_64
Version: 0.9.1
Check: LazyData
Result: NOTE
'LazyData' is specified without a 'data' directory
Flavors: r-devel-linux-x86_64-debian-clang, r-devel-linux-x86_64-debian-gcc, r-devel-linux-x86_64-fedora-clang, r-devel-linux-x86_64-fedora-gcc, r-devel-windows-x86_64, r-patched-linux-x86_64, r-release-linux-x86_64, r-release-macos-arm64, r-release-macos-x86_64, r-release-windows-x86_64, r-oldrel-macos-arm64, r-oldrel-macos-x86_64, r-oldrel-windows-ix86+x86_64
Version: 0.9.1
Check: Rd cross-references
Result: NOTE
Undeclared package ‘Hmisc’ in Rd xrefs
Flavor: r-devel-linux-x86_64-fedora-clang