CRAN Package Check Results for Package pixiedust

Last updated on 2020-10-23 15:48:13 CEST.

Flavor Version Tinstall Tcheck Ttotal Status Flags
r-devel-linux-x86_64-debian-clang 0.9.0 6.89 90.33 97.22 OK
r-devel-linux-x86_64-debian-gcc 0.9.0 6.43 66.75 73.18 OK
r-devel-linux-x86_64-fedora-clang 0.9.0 124.39 NOTE
r-devel-linux-x86_64-fedora-gcc 0.9.0 114.39 OK
r-devel-windows-ix86+x86_64 0.9.0 13.00 110.00 123.00 OK
r-patched-linux-x86_64 0.9.0 6.82 85.49 92.31 OK
r-patched-solaris-x86 0.9.0 138.00 OK
r-release-linux-x86_64 0.9.0 7.17 84.60 91.77 OK
r-release-macos-x86_64 0.9.0 OK
r-release-windows-ix86+x86_64 0.9.0 14.00 86.00 100.00 OK
r-oldrel-macos-x86_64 0.9.0 OK
r-oldrel-windows-ix86+x86_64 0.9.0 11.00 76.00 87.00 OK

Check Details

Version: 0.9.0
Check: Rd cross-references
Result: NOTE
    Undeclared package ‘Hmisc’ in Rd xrefs
Flavor: r-devel-linux-x86_64-fedora-clang