CRAN Package Check Results for Package pixelpuzzle

Last updated on 2022-09-25 15:56:49 CEST.

Flavor Version Tinstall Tcheck Ttotal Status Flags
r-devel-linux-x86_64-debian-clang 1.0.0 3.01 24.68 27.69 NOTE
r-devel-linux-x86_64-debian-gcc 1.0.0 1.94 20.03 21.97 NOTE
r-devel-linux-x86_64-fedora-clang 1.0.0 44.51 NOTE
r-devel-linux-x86_64-fedora-gcc 1.0.0 43.10 NOTE
r-devel-windows-x86_64 1.0.0 19.00 51.00 70.00 NOTE
r-patched-linux-x86_64 1.0.0 1.84 24.23 26.07 NOTE
r-release-linux-x86_64 1.0.0 2.42 23.73 26.15 NOTE
r-release-macos-arm64 1.0.0 16.00 NOTE
r-release-macos-x86_64 1.0.0 22.00 NOTE
r-release-windows-x86_64 1.0.0 18.00 49.00 67.00 NOTE
r-oldrel-macos-arm64 1.0.0 21.00 NOTE
r-oldrel-macos-x86_64 1.0.0 25.00 NOTE
r-oldrel-windows-ix86+x86_64 1.0.0 8.00 46.00 54.00 NOTE

Check Details

Version: 1.0.0
Check: LazyData
Result: NOTE
     'LazyData' is specified without a 'data' directory
Flavors: r-devel-linux-x86_64-debian-clang, r-devel-linux-x86_64-debian-gcc, r-devel-linux-x86_64-fedora-clang, r-devel-linux-x86_64-fedora-gcc, r-devel-windows-x86_64, r-patched-linux-x86_64, r-release-linux-x86_64, r-release-macos-arm64, r-release-macos-x86_64, r-release-windows-x86_64, r-oldrel-macos-arm64, r-oldrel-macos-x86_64, r-oldrel-windows-ix86+x86_64