CRAN Package Check Results for Package pipe.design

Last updated on 2020-09-22 03:49:34 CEST.

Flavor Version Tinstall Tcheck Ttotal Status Flags
r-devel-linux-x86_64-debian-clang 0.5.1 6.16 43.02 49.18 OK
r-devel-linux-x86_64-debian-gcc 0.5.1 0.29 1.86 2.15 ERROR
r-devel-linux-x86_64-fedora-clang 0.5.1 74.13 OK
r-devel-linux-x86_64-fedora-gcc 0.5.1 59.97 OK
r-devel-windows-ix86+x86_64 0.5.1 14.00 52.00 66.00 OK
r-patched-linux-x86_64 0.5.1 5.18 42.52 47.70 OK
r-patched-solaris-x86 0.5.1 81.40 OK
r-release-linux-x86_64 0.5.1 5.15 42.72 47.87 OK
r-release-macos-x86_64 0.5.1 OK
r-release-windows-ix86+x86_64 0.5.1 12.00 66.00 78.00 OK
r-oldrel-macos-x86_64 0.5.1 OK
r-oldrel-windows-ix86+x86_64 0.5.1 8.00 59.00 67.00 OK

Check Details

Version: 0.5.1
Check: whether package can be installed
Result: ERROR
    Installation failed.
Flavor: r-devel-linux-x86_64-debian-gcc