Last updated on 2022-08-19 03:57:40 CEST.
Flavor | Version | Tinstall | Tcheck | Ttotal | Status | Flags |
---|---|---|---|---|---|---|
r-devel-linux-x86_64-debian-clang | 0.1.0 | 1.76 | 30.37 | 32.13 | OK | |
r-devel-linux-x86_64-debian-gcc | 0.1.0 | 1.69 | 22.88 | 24.57 | OK | |
r-devel-linux-x86_64-fedora-clang | 0.1.0 | 51.51 | NOTE | |||
r-devel-linux-x86_64-fedora-gcc | 0.1.0 | 51.09 | NOTE | |||
r-devel-windows-x86_64 | 0.1.0 | 14.00 | 60.00 | 74.00 | OK | |
r-patched-linux-x86_64 | 0.1.0 | 1.97 | 27.76 | 29.73 | OK | |
r-release-linux-x86_64 | 0.1.0 | OK | ||||
r-release-macos-arm64 | 0.1.0 | 18.00 | NOTE | |||
r-release-macos-x86_64 | 0.1.0 | 25.00 | NOTE | |||
r-release-windows-x86_64 | 0.1.0 | 11.00 | 59.00 | 70.00 | OK | |
r-oldrel-macos-arm64 | 0.1.0 | 23.00 | NOTE | |||
r-oldrel-macos-x86_64 | 0.1.0 | 31.00 | NOTE | |||
r-oldrel-windows-ix86+x86_64 | 0.1.0 | 5.00 | 57.00 | 62.00 | OK |
Version: 0.1.0
Check: data for non-ASCII characters
Result: NOTE
Note: found 2048 marked UTF-8 strings
Flavors: r-devel-linux-x86_64-fedora-clang, r-devel-linux-x86_64-fedora-gcc, r-release-macos-arm64, r-release-macos-x86_64, r-oldrel-macos-arm64, r-oldrel-macos-x86_64