CRAN Package Check Results for Package pinnacle.API

Last updated on 2022-08-10 04:54:08 CEST.

Flavor Version Tinstall Tcheck Ttotal Status Flags
r-devel-linux-x86_64-debian-clang 2.3.3 4.27 41.21 45.48 NOTE
r-devel-linux-x86_64-debian-gcc 2.3.3 3.28 31.33 34.61 NOTE
r-devel-linux-x86_64-fedora-clang 2.3.3 64.49 NOTE
r-devel-linux-x86_64-fedora-gcc 2.3.3 62.83 NOTE
r-devel-windows-x86_64 2.3.3 55.00 67.00 122.00 NOTE
r-patched-linux-x86_64 2.3.3 5.00 39.29 44.29 NOTE
r-release-linux-x86_64 2.3.3 NOTE
r-release-macos-arm64 2.3.3 22.00 NOTE
r-release-macos-x86_64 2.3.3 29.00 NOTE
r-release-windows-x86_64 2.3.3 59.00 66.00 125.00 NOTE
r-oldrel-macos-arm64 2.3.3 26.00 NOTE
r-oldrel-macos-x86_64 2.3.3 36.00 NOTE
r-oldrel-windows-ix86+x86_64 2.3.3 10.00 60.00 70.00 NOTE

Check Details

Version: 2.3.3
Check: LazyData
Result: NOTE
     'LazyData' is specified without a 'data' directory
Flavors: r-devel-linux-x86_64-debian-clang, r-devel-linux-x86_64-debian-gcc, r-devel-linux-x86_64-fedora-clang, r-devel-linux-x86_64-fedora-gcc, r-devel-windows-x86_64, r-patched-linux-x86_64, r-release-linux-x86_64, r-release-macos-arm64, r-release-macos-x86_64, r-release-windows-x86_64, r-oldrel-macos-arm64, r-oldrel-macos-x86_64, r-oldrel-windows-ix86+x86_64