CRAN Package Check Results for Package pingers

Last updated on 2022-08-19 03:57:40 CEST.

Flavor Version Tinstall Tcheck Ttotal Status Flags
r-devel-linux-x86_64-debian-clang 0.1.1 8.48 73.91 82.39 NOTE
r-devel-linux-x86_64-debian-gcc 0.1.1 6.55 54.39 60.94 NOTE
r-devel-linux-x86_64-fedora-clang 0.1.1 105.33 NOTE
r-devel-linux-x86_64-fedora-gcc 0.1.1 103.33 NOTE
r-devel-windows-x86_64 0.1.1 14.00 92.00 106.00 NOTE
r-patched-linux-x86_64 0.1.1 8.90 69.14 78.04 NOTE
r-release-linux-x86_64 0.1.1 NOTE
r-release-macos-arm64 0.1.1 29.00 NOTE
r-release-macos-x86_64 0.1.1 49.00 NOTE
r-release-windows-x86_64 0.1.1 17.00 95.00 112.00 NOTE
r-oldrel-macos-arm64 0.1.1 28.00 NOTE
r-oldrel-macos-x86_64 0.1.1 39.00 NOTE
r-oldrel-windows-ix86+x86_64 0.1.1 19.00 95.00 114.00 NOTE

Check Details

Version: 0.1.1
Check: LazyData
Result: NOTE
     'LazyData' is specified without a 'data' directory
Flavors: r-devel-linux-x86_64-debian-clang, r-devel-linux-x86_64-debian-gcc, r-devel-linux-x86_64-fedora-clang, r-devel-linux-x86_64-fedora-gcc, r-devel-windows-x86_64, r-patched-linux-x86_64, r-release-linux-x86_64, r-release-macos-arm64, r-release-macos-x86_64, r-release-windows-x86_64, r-oldrel-macos-arm64, r-oldrel-macos-x86_64, r-oldrel-windows-ix86+x86_64