Last updated on 2022-06-30 15:51:47 CEST.
Flavor | Version | Tinstall | Tcheck | Ttotal | Status | Flags |
---|---|---|---|---|---|---|
r-devel-linux-x86_64-debian-clang | 0.50 | 6.17 | 75.94 | 82.11 | OK | |
r-devel-linux-x86_64-debian-gcc | 0.50 | 5.66 | 58.19 | 63.85 | OK | |
r-devel-linux-x86_64-fedora-clang | 0.50 | 109.24 | NOTE | |||
r-devel-linux-x86_64-fedora-gcc | 0.50 | 107.56 | NOTE | |||
r-devel-windows-x86_64 | 0.50 | 18.00 | 100.00 | 118.00 | OK | |
r-patched-linux-x86_64 | 0.50 | 6.16 | 72.68 | 78.84 | OK | |
r-release-linux-x86_64 | 0.50 | 5.76 | 71.33 | 77.09 | OK | |
r-release-macos-arm64 | 0.50 | 31.00 | NOTE | |||
r-release-macos-x86_64 | 0.50 | 61.00 | NOTE | |||
r-release-windows-x86_64 | 0.50 | 18.00 | 105.00 | 123.00 | OK | |
r-oldrel-macos-arm64 | 0.50 | 39.00 | NOTE | |||
r-oldrel-macos-x86_64 | 0.50 | 58.00 | NOTE | |||
r-oldrel-windows-ix86+x86_64 | 0.50 | 18.00 | 98.00 | 116.00 | OK |
Version: 0.50
Check: dependencies in R code
Result: NOTE
Namespace in Imports field not imported from: ‘FrF2.catlg128’
All declared Imports should be used.
Flavors: r-devel-linux-x86_64-fedora-clang, r-devel-linux-x86_64-fedora-gcc, r-release-macos-arm64, r-release-macos-x86_64, r-oldrel-macos-arm64, r-oldrel-macos-x86_64
Version: 0.50
Check: Rd cross-references
Result: NOTE
Undeclared package ‘BsMD’ in Rd xrefs
Flavor: r-devel-linux-x86_64-fedora-clang