Last updated on 2023-02-06 15:57:24 CET.
Flavor | Version | Tinstall | Tcheck | Ttotal | Status | Flags |
---|---|---|---|---|---|---|
r-devel-linux-x86_64-debian-clang | 1.2.1 | 19.57 | 54.94 | 74.51 | OK | |
r-devel-linux-x86_64-debian-gcc | 1.2.1 | 15.55 | 40.85 | 56.40 | OK | |
r-devel-linux-x86_64-fedora-clang | 1.2.1 | 100.66 | WARN | |||
r-devel-linux-x86_64-fedora-gcc | 1.2.1 | 111.44 | OK | |||
r-devel-windows-x86_64 | 1.2.1 | 61.00 | 117.00 | 178.00 | OK | |
r-patched-linux-x86_64 | 1.2.1 | 16.92 | 50.76 | 67.68 | OK | |
r-release-linux-x86_64 | 1.2.1 | 18.10 | 48.08 | 66.18 | OK | |
r-release-macos-arm64 | 1.2.1 | 29.00 | OK | |||
r-release-macos-x86_64 | 1.2.1 | 43.00 | OK | |||
r-release-windows-x86_64 | 1.2.1 | 71.00 | 118.00 | 189.00 | OK | |
r-oldrel-macos-arm64 | 1.2.1 | 40.00 | OK | |||
r-oldrel-macos-x86_64 | 1.2.1 | 59.00 | OK | |||
r-oldrel-windows-ix86+x86_64 | 1.2.1 | 49.00 | 123.00 | 172.00 | OK |
Version: 1.2.1
Check: whether package can be installed
Result: WARN
Found the following significant warnings:
/data/gannet/ripley/R/test-clang/Rcpp/include/Rcpp/sugar/functions/sapply.h:36:26: warning: 'result_of<float (*(double))(float)>' is deprecated [-Wdeprecated-declarations]
See ‘/data/gannet/ripley/R/packages/tests-clang/physiology.Rcheck/00install.out’ for details.
* used C compiler: ‘clang version 15.0.7’
* used C++ compiler: ‘clang version 15.0.7’
Flavor: r-devel-linux-x86_64-fedora-clang