CRAN Package Check Results for Package phylotools

Last updated on 2024-07-21 03:55:31 CEST.

Flavor Version Tinstall Tcheck Ttotal Status Flags
r-devel-linux-x86_64-debian-clang 0.2.2 3.39 34.96 38.35 OK
r-devel-linux-x86_64-debian-gcc 0.2.2 2.80 26.20 29.00 OK
r-devel-linux-x86_64-fedora-clang 0.2.2 46.85 OK
r-devel-linux-x86_64-fedora-gcc 0.2.2 45.71 OK
r-devel-windows-x86_64 0.2.2 5.00 50.00 55.00 NOTE
r-patched-linux-x86_64 0.2.2 5.64 33.79 39.43 OK
r-release-linux-x86_64 0.2.2 3.66 32.67 36.33 OK
r-release-macos-arm64 0.2.2 19.00 OK
r-release-macos-x86_64 0.2.2 36.00 OK
r-release-windows-x86_64 0.2.2 4.00 49.00 53.00 OK
r-oldrel-macos-arm64 0.2.2 21.00 OK
r-oldrel-macos-x86_64 0.2.2 27.00 OK
r-oldrel-windows-x86_64 0.2.2 5.00 51.00 56.00 OK

Check Details

Version: 0.2.2
Check: Rd cross-references
Result: NOTE Found the following Rd file(s) with Rd \link{} targets missing package anchors: sub.taxa.label.Rd: read.tree Please provide package anchors for all Rd \link{} targets not in the package itself and the base packages. Flavor: r-devel-windows-x86_64