Last updated on 2022-06-30 03:53:30 CEST.
Flavor | Version | Tinstall | Tcheck | Ttotal | Status | Flags |
---|---|---|---|---|---|---|
r-devel-linux-x86_64-debian-clang | 1.0.6 | 43.39 | 470.46 | 513.85 | OK | |
r-devel-linux-x86_64-debian-gcc | 1.0.6 | 30.81 | 343.90 | 374.71 | OK | |
r-devel-linux-x86_64-fedora-clang | 1.0.6 | 598.00 | NOTE | |||
r-devel-linux-x86_64-fedora-gcc | 1.0.6 | 600.44 | NOTE | |||
r-devel-windows-x86_64 | 1.0.6 | 102.00 | 485.00 | 587.00 | OK | |
r-patched-linux-x86_64 | 1.0.6 | 48.49 | 447.17 | 495.66 | OK | |
r-release-linux-x86_64 | 1.0.6 | 41.74 | 445.06 | 486.80 | OK | |
r-release-macos-arm64 | 1.0.6 | 128.00 | NOTE | |||
r-release-macos-x86_64 | 1.0.6 | 197.00 | NOTE | |||
r-release-windows-x86_64 | 1.0.6 | 101.00 | 461.00 | 562.00 | OK | |
r-oldrel-macos-arm64 | 1.0.6 | 105.00 | NOTE | |||
r-oldrel-macos-x86_64 | 1.0.6 | 213.00 | NOTE | |||
r-oldrel-windows-ix86+x86_64 | 1.0.6 | 85.00 | 469.00 | 554.00 | OK |
Version: 1.0.6
Check: dependencies in R code
Result: NOTE
Namespace in Imports field not imported from: ‘rgdal’
All declared Imports should be used.
Flavors: r-devel-linux-x86_64-fedora-clang, r-devel-linux-x86_64-fedora-gcc, r-release-macos-arm64, r-release-macos-x86_64, r-oldrel-macos-arm64, r-oldrel-macos-x86_64
Version: 1.0.6
Check: Rd cross-references
Result: NOTE
Undeclared package ‘picante’ in Rd xrefs
Flavor: r-devel-linux-x86_64-fedora-clang