CRAN Package Check Results for Package phylocanvas

Last updated on 2024-07-17 15:56:32 CEST.

Flavor Version Tinstall Tcheck Ttotal Status Flags
r-devel-linux-x86_64-debian-clang 0.1.3 10.58 94.33 104.91 NOTE
r-devel-linux-x86_64-debian-gcc 0.1.3 8.09 69.33 77.42 NOTE
r-devel-linux-x86_64-fedora-clang 0.1.3 133.71 NOTE
r-devel-linux-x86_64-fedora-gcc 0.1.3 137.05 NOTE
r-devel-windows-x86_64 0.1.3 8.00 83.00 91.00 NOTE
r-patched-linux-x86_64 0.1.3 6.31 87.45 93.76 NOTE
r-release-linux-x86_64 0.1.3 6.45 89.31 95.76 NOTE
r-release-macos-arm64 0.1.3 44.00 NOTE
r-release-macos-x86_64 0.1.3 63.00 NOTE
r-release-windows-x86_64 0.1.3 10.00 85.00 95.00 NOTE
r-oldrel-macos-arm64 0.1.3 47.00 NOTE
r-oldrel-macos-x86_64 0.1.3 82.00 NOTE
r-oldrel-windows-x86_64 0.1.3 12.00 97.00 109.00 NOTE

Check Details

Version: 0.1.3
Check: LazyData
Result: NOTE 'LazyData' is specified without a 'data' directory Flavors: r-devel-linux-x86_64-debian-clang, r-devel-linux-x86_64-debian-gcc, r-devel-linux-x86_64-fedora-clang, r-devel-linux-x86_64-fedora-gcc, r-devel-windows-x86_64, r-patched-linux-x86_64, r-release-linux-x86_64, r-release-macos-arm64, r-release-macos-x86_64, r-release-windows-x86_64, r-oldrel-macos-arm64, r-oldrel-macos-x86_64, r-oldrel-windows-x86_64