CRAN Package Check Results for Package phonics

Last updated on 2020-07-13 15:48:39 CEST.

Flavor Version Tinstall Tcheck Ttotal Status Flags
r-devel-linux-x86_64-debian-clang 1.3.6 32.34 38.12 70.46 OK
r-devel-linux-x86_64-debian-gcc 1.3.6 21.95 29.12 51.07 OK
r-devel-linux-x86_64-fedora-clang 1.3.6 98.60 OK
r-devel-linux-x86_64-fedora-gcc 1.3.6 87.25 OK
r-devel-windows-ix86+x86_64 1.3.6 81.00 93.00 174.00 OK
r-patched-linux-x86_64 1.3.6 22.83 36.46 59.29 OK
r-patched-solaris-x86 1.3.6 90.60 OK
r-release-linux-x86_64 1.3.6 24.68 36.64 61.32 OK
r-release-macos-x86_64 1.3.6 ERROR
r-release-windows-ix86+x86_64 1.3.6 83.00 71.00 154.00 OK
r-oldrel-macos-x86_64 1.3.6 OK
r-oldrel-windows-ix86+x86_64 1.3.6 84.00 93.00 177.00 OK

Check Details

Version: 1.3.6
Check: whether package can be installed
Result: ERROR
    Installation failed.
Flavor: r-release-macos-x86_64