CRAN Package Check Results for Package phonfieldwork

Last updated on 2022-07-02 15:52:25 CEST.

Flavor Version Tinstall Tcheck Ttotal Status Flags
r-devel-linux-x86_64-debian-clang 0.0.11 7.83 65.33 73.16 NOTE
r-devel-linux-x86_64-debian-gcc 0.0.11 6.19 50.18 56.37 NOTE
r-devel-linux-x86_64-fedora-clang 0.0.11 97.30 NOTE
r-devel-linux-x86_64-fedora-gcc 0.0.11 94.85 NOTE
r-devel-windows-x86_64 0.0.11 51.00 105.00 156.00 NOTE
r-patched-linux-x86_64 0.0.11 5.10 63.50 68.60 NOTE
r-release-linux-x86_64 0.0.11 6.92 62.52 69.44 NOTE
r-release-macos-arm64 0.0.11 32.00 NOTE
r-release-macos-x86_64 0.0.11 45.00 NOTE
r-release-windows-x86_64 0.0.11 77.00 110.00 187.00 NOTE
r-oldrel-macos-arm64 0.0.11 37.00 NOTE
r-oldrel-macos-x86_64 0.0.11 47.00 NOTE
r-oldrel-windows-ix86+x86_64 0.0.11 16.00 90.00 106.00 NOTE

Check Details

Version: 0.0.11
Check: LazyData
Result: NOTE
     'LazyData' is specified without a 'data' directory
Flavors: r-devel-linux-x86_64-debian-clang, r-devel-linux-x86_64-debian-gcc, r-devel-linux-x86_64-fedora-clang, r-devel-linux-x86_64-fedora-gcc, r-devel-windows-x86_64, r-patched-linux-x86_64, r-release-linux-x86_64, r-release-macos-arm64, r-release-macos-x86_64, r-release-windows-x86_64, r-oldrel-macos-arm64, r-oldrel-macos-x86_64, r-oldrel-windows-ix86+x86_64