CRAN Package Check Results for Package phonfieldwork

Last updated on 2021-09-19 03:51:21 CEST.

Flavor Version Tinstall Tcheck Ttotal Status Flags
r-devel-linux-x86_64-debian-clang 0.0.11 7.07 58.40 65.47 NOTE
r-devel-linux-x86_64-debian-gcc 0.0.11 5.11 44.89 50.00 NOTE
r-devel-linux-x86_64-fedora-clang 0.0.11 85.33 NOTE
r-devel-linux-x86_64-fedora-gcc 0.0.11 74.53 NOTE
r-devel-windows-x86_64 0.0.11 9.00 87.00 96.00 NOTE
r-devel-windows-x86_64-gcc10-UCRT 0.0.11 ERROR
r-patched-linux-x86_64 0.0.11 7.56 57.36 64.92 NOTE
r-patched-solaris-x86 0.0.11 106.60 NOTE
r-release-linux-x86_64 0.0.11 6.30 57.54 63.84 NOTE
r-release-macos-arm64 0.0.11 NOTE
r-release-macos-x86_64 0.0.11 NOTE
r-release-windows-ix86+x86_64 0.0.11 14.00 64.00 78.00 NOTE
r-oldrel-macos-x86_64 0.0.11 OK
r-oldrel-windows-ix86+x86_64 0.0.11 13.00 61.00 74.00 OK

Check Details

Version: 0.0.11
Check: LazyData
Result: NOTE
     'LazyData' is specified without a 'data' directory
Flavors: r-devel-linux-x86_64-debian-clang, r-devel-linux-x86_64-debian-gcc, r-devel-linux-x86_64-fedora-clang, r-devel-linux-x86_64-fedora-gcc, r-devel-windows-x86_64, r-devel-windows-x86_64-gcc10-UCRT, r-patched-linux-x86_64, r-patched-solaris-x86, r-release-linux-x86_64, r-release-macos-arm64, r-release-macos-x86_64, r-release-windows-ix86+x86_64

Version: 0.0.11
Check: whether package can be installed
Result: WARN
    Found the following significant warnings:
     WARNING: installation-time patches will not be applied, could not get the patches index
Flavor: r-devel-windows-x86_64-gcc10-UCRT

Version: 0.0.11
Check: PDF version of manual
Result: WARN
    LaTeX errors when creating PDF version.
    This typically indicates Rd problems.
Flavor: r-devel-windows-x86_64-gcc10-UCRT

Version: 0.0.11
Check: PDF version of manual without hyperrefs or index
Result: ERROR
    Re-running with no redirection of stdout/stderr.
Flavor: r-devel-windows-x86_64-gcc10-UCRT