CRAN Package Check Results for Package phonfieldwork

Last updated on 2020-09-22 03:49:34 CEST.

Flavor Version Tinstall Tcheck Ttotal Status Flags
r-devel-linux-x86_64-debian-clang 0.0.7 6.36 50.59 56.95 OK
r-devel-linux-x86_64-debian-gcc 0.0.7 0.35 2.37 2.72 ERROR
r-devel-linux-x86_64-fedora-clang 0.0.7 80.52 OK
r-devel-linux-x86_64-fedora-gcc 0.0.7 66.34 OK
r-devel-windows-ix86+x86_64 0.0.7 13.00 62.00 75.00 OK
r-patched-linux-x86_64 0.0.7 5.62 49.36 54.98 OK
r-patched-solaris-x86 0.0.7 98.70 OK
r-release-linux-x86_64 0.0.7 5.12 48.51 53.63 OK
r-release-macos-x86_64 0.0.7 OK
r-release-windows-ix86+x86_64 0.0.7 12.00 73.00 85.00 OK
r-oldrel-macos-x86_64 0.0.7 ERROR
r-oldrel-windows-ix86+x86_64 0.0.7 7.00 70.00 77.00 ERROR

Check Details

Version: 0.0.7
Check: whether package can be installed
Result: ERROR
    Installation failed.
Flavor: r-devel-linux-x86_64-debian-gcc

Version: 0.0.7
Check: examples
Result: ERROR
    Running examples in ‘phonfieldwork-Ex.R’ failed
    The error most likely occurred in:
    
    > ### Name: srt_to_df
    > ### Title: Subtitles .srt file to dataframe
    > ### Aliases: srt_to_df
    >
    > ### ** Examples
    >
    > srt_to_df(system.file("extdata", "test.srt", package = "phonfieldwork"))
    Error in strsplit(result[, "times"], " --> ") : non-character argument
    Calls: srt_to_df -> cbind -> do.call -> strsplit
    Execution halted
Flavors: r-oldrel-macos-x86_64, r-oldrel-windows-ix86+x86_64

Version: 0.0.7
Check: re-building of vignette outputs
Result: WARN
    Error(s) in re-building vignettes:
     ...
    --- re-building ‘ethical_research_with_phonfieldwork.Rmd’ using rmarkdown
    Warning in engine$weave(file, quiet = quiet, encoding = enc) :
     Pandoc (>= 1.12.3) and/or pandoc-citeproc not available. Falling back to R Markdown v1.
    --- finished re-building ‘ethical_research_with_phonfieldwork.Rmd’
    
    --- re-building ‘introduction_to_phonfieldwork.Rmd’ using rmarkdown
    Warning in engine$weave(file, quiet = quiet, encoding = enc) :
     Pandoc (>= 1.12.3) and/or pandoc-citeproc not available. Falling back to R Markdown v1.
    Quitting from lines 369-370 (introduction_to_phonfieldwork.Rmd)
    Error: processing vignette 'introduction_to_phonfieldwork.Rmd' failed with diagnostics:
    non-character argument
    --- failed re-building ‘introduction_to_phonfieldwork.Rmd’
    
    SUMMARY: processing the following file failed:
     ‘introduction_to_phonfieldwork.Rmd’
    
    Error: Vignette re-building failed.
    Execution halted
Flavor: r-oldrel-macos-x86_64

Version: 0.0.7
Check: re-building of vignette outputs
Result: WARN
    Error(s) in re-building vignettes:
    --- re-building 'ethical_research_with_phonfieldwork.Rmd' using rmarkdown
    --- finished re-building 'ethical_research_with_phonfieldwork.Rmd'
    
    --- re-building 'introduction_to_phonfieldwork.Rmd' using rmarkdown
    Quitting from lines 369-370 (introduction_to_phonfieldwork.Rmd)
    Error: processing vignette 'introduction_to_phonfieldwork.Rmd' failed with diagnostics:
    non-character argument
    --- failed re-building 'introduction_to_phonfieldwork.Rmd'
    
    SUMMARY: processing the following file failed:
     'introduction_to_phonfieldwork.Rmd'
    
    Error: Vignette re-building failed.
    Execution halted
Flavor: r-oldrel-windows-ix86+x86_64