CRAN Package Check Results for Package phonR

Last updated on 2022-07-06 15:49:05 CEST.

Flavor Version Tinstall Tcheck Ttotal Status Flags
r-devel-linux-x86_64-debian-clang 1.0-7 3.46 34.83 38.29 OK
r-devel-linux-x86_64-debian-gcc 1.0-7 2.65 26.54 29.19 OK
r-devel-linux-x86_64-fedora-clang 1.0-7 57.28 NOTE
r-devel-linux-x86_64-fedora-gcc 1.0-7 56.47 OK
r-devel-windows-x86_64 1.0-7 11.00 58.00 69.00 OK
r-patched-linux-x86_64 1.0-7 3.53 34.32 37.85 OK
r-release-linux-x86_64 1.0-7 3.24 33.47 36.71 OK
r-release-macos-arm64 1.0-7 21.00 OK
r-release-macos-x86_64 1.0-7 26.00 OK
r-release-windows-x86_64 1.0-7 12.00 63.00 75.00 OK
r-oldrel-macos-arm64 1.0-7 19.00 OK
r-oldrel-macos-x86_64 1.0-7 31.00 OK
r-oldrel-windows-ix86+x86_64 1.0-7 8.00 51.00 59.00 OK

Check Details

Version: 1.0-7
Check: Rd cross-references
Result: NOTE
    Undeclared package ‘vowels’ in Rd xrefs
Flavor: r-devel-linux-x86_64-fedora-clang