CRAN Package Check Results for Package phenoCDM

Last updated on 2022-07-05 15:52:52 CEST.

Flavor Version Tinstall Tcheck Ttotal Status Flags
r-devel-linux-x86_64-debian-clang 0.1.3 2.95 39.30 42.25 NOTE
r-devel-linux-x86_64-debian-gcc 0.1.3 2.08 28.97 31.05 NOTE
r-devel-linux-x86_64-fedora-clang 0.1.3 60.31 NOTE
r-devel-linux-x86_64-fedora-gcc 0.1.3 58.87 NOTE
r-devel-windows-x86_64 0.1.3 15.00 73.00 88.00 NOTE
r-patched-linux-x86_64 0.1.3 2.12 37.23 39.35 NOTE
r-release-linux-x86_64 0.1.3 2.32 37.59 39.91 NOTE
r-release-macos-arm64 0.1.3 24.00 NOTE
r-release-macos-x86_64 0.1.3 30.00 NOTE
r-release-windows-x86_64 0.1.3 15.00 69.00 84.00 NOTE
r-oldrel-macos-arm64 0.1.3 18.00 NOTE
r-oldrel-macos-x86_64 0.1.3 32.00 NOTE
r-oldrel-windows-ix86+x86_64 0.1.3 8.00 61.00 69.00 NOTE

Check Details

Version: 0.1.3
Check: LazyData
Result: NOTE
     'LazyData' is specified without a 'data' directory
Flavors: r-devel-linux-x86_64-debian-clang, r-devel-linux-x86_64-debian-gcc, r-devel-linux-x86_64-fedora-clang, r-devel-linux-x86_64-fedora-gcc, r-devel-windows-x86_64, r-patched-linux-x86_64, r-release-linux-x86_64, r-release-macos-arm64, r-release-macos-x86_64, r-release-windows-x86_64, r-oldrel-macos-arm64, r-oldrel-macos-x86_64, r-oldrel-windows-ix86+x86_64