CRAN Package Check Results for Package phecodemap

Last updated on 2022-09-25 03:54:37 CEST.

Flavor Version Tinstall Tcheck Ttotal Status Flags
r-devel-linux-x86_64-debian-clang 0.1.0 12.57 85.04 97.61 OK
r-devel-linux-x86_64-debian-gcc 0.1.0 10.05 64.07 74.12 OK
r-devel-linux-x86_64-fedora-clang 0.1.0 124.98 NOTE
r-devel-linux-x86_64-fedora-gcc 0.1.0 124.66 NOTE
r-devel-windows-x86_64 0.1.0 16.00 114.00 130.00 OK
r-patched-linux-x86_64 0.1.0 8.24 82.56 90.80 OK
r-release-linux-x86_64 0.1.0 7.20 82.50 89.70 OK
r-release-macos-arm64 0.1.0 39.00 NOTE
r-release-macos-x86_64 0.1.0 60.00 NOTE
r-release-windows-x86_64 0.1.0 21.00 118.00 139.00 OK
r-oldrel-macos-arm64 0.1.0 40.00 NOTE
r-oldrel-macos-x86_64 0.1.0 51.00 NOTE
r-oldrel-windows-ix86+x86_64 0.1.0 25.00 109.00 134.00 OK

Check Details

Version: 0.1.0
Check: data for non-ASCII characters
Result: NOTE
     Note: found 114 marked UTF-8 strings
Flavors: r-devel-linux-x86_64-fedora-clang, r-devel-linux-x86_64-fedora-gcc, r-release-macos-arm64, r-release-macos-x86_64, r-oldrel-macos-arm64, r-oldrel-macos-x86_64