CRAN Package Check Results for Package pharmaversesdtm

Last updated on 2024-07-24 15:51:44 CEST.

Flavor Version Tinstall Tcheck Ttotal Status Flags
r-devel-linux-x86_64-debian-clang 1.0.0 12.01 40.43 52.44 OK
r-devel-linux-x86_64-debian-gcc 1.0.0 12.37 33.62 45.99 OK
r-devel-linux-x86_64-fedora-clang 1.0.0 74.45 NOTE
r-devel-linux-x86_64-fedora-gcc 1.0.0 68.80 NOTE
r-devel-windows-x86_64 1.0.0 19.00 63.00 82.00 OK
r-patched-linux-x86_64 1.0.0 13.51 39.20 52.71 OK
r-release-linux-x86_64 1.0.0 11.48 38.97 50.45 OK
r-release-macos-arm64 1.0.0 49.00 OK
r-release-macos-x86_64 1.0.0 93.00 OK
r-release-windows-x86_64 1.0.0 20.00 63.00 83.00 OK
r-oldrel-macos-arm64 1.0.0 47.00 OK
r-oldrel-macos-x86_64 1.0.0 96.00 OK
r-oldrel-windows-x86_64 1.0.0 22.00 76.00 98.00 OK

Check Details

Version: 1.0.0
Check: data for non-ASCII characters
Result: NOTE Note: found 3 marked UTF-8 strings Flavors: r-devel-linux-x86_64-fedora-clang, r-devel-linux-x86_64-fedora-gcc