CRAN Package Check Results for Package phangorn

Last updated on 2022-12-08 15:53:34 CET.

Flavor Version Tinstall Tcheck Ttotal Status Flags
r-devel-linux-x86_64-debian-clang 2.10.0 72.48 755.12 827.60 WARN
r-devel-linux-x86_64-debian-gcc 2.10.0 56.88 651.46 708.34 WARN
r-devel-linux-x86_64-fedora-clang 2.10.0 860.72 WARN
r-devel-linux-x86_64-fedora-gcc 2.10.0 999.89 WARN
r-devel-windows-x86_64 2.10.0 141.00 1028.00 1169.00 NOTE
r-patched-linux-x86_64 2.10.0 69.60 734.78 804.38 OK
r-release-linux-x86_64 2.10.0 62.14 756.81 818.95 OK
r-release-macos-arm64 2.10.0 330.00 NOTE
r-release-macos-x86_64 2.10.0 355.00 NOTE
r-release-windows-x86_64 2.10.0 148.00 846.00 994.00 NOTE
r-oldrel-macos-arm64 2.10.0 296.00 NOTE
r-oldrel-macos-x86_64 2.10.0 362.00 NOTE
r-oldrel-windows-ix86+x86_64 2.10.0 148.00 957.00 1105.00 NOTE

Check Details

Version: 2.10.0
Check: whether package can be installed
Result: WARN
    Found the following significant warnings:
     ml.c:39:14: warning: a function declaration without a prototype is deprecated in all versions of C [-Wstrict-prototypes]
Flavors: r-devel-linux-x86_64-debian-clang, r-devel-linux-x86_64-fedora-clang

Version: 2.10.0
Check: whether package can be installed
Result: WARN
    Found the following significant warnings:
     ml.c:39:6: warning: function declaration isn’t a prototype [-Wstrict-prototypes]
Flavors: r-devel-linux-x86_64-debian-gcc, r-devel-linux-x86_64-fedora-gcc

Version: 2.10.0
Check: installed package size
Result: NOTE
     installed size is 5.2Mb
     sub-directories of 1Mb or more:
     doc 1.6Mb
     libs 1.2Mb
Flavors: r-devel-windows-x86_64, r-release-macos-arm64, r-release-macos-x86_64, r-release-windows-x86_64, r-oldrel-macos-arm64, r-oldrel-macos-x86_64, r-oldrel-windows-ix86+x86_64