CRAN Package Check Results for Package ph2mult

Last updated on 2022-05-19 15:53:26 CEST.

Flavor Version Tinstall Tcheck Ttotal Status Flags
r-devel-linux-x86_64-debian-clang 0.1.1 2.24 40.24 42.48 NOTE
r-devel-linux-x86_64-debian-gcc 0.1.1 2.23 30.85 33.08 NOTE
r-devel-linux-x86_64-fedora-clang 0.1.1 52.18 NOTE
r-devel-linux-x86_64-fedora-gcc 0.1.1 51.36 NOTE
r-devel-windows-x86_64 0.1.1 10.00 60.00 70.00 NOTE
r-patched-linux-x86_64 0.1.1 2.98 39.16 42.14 NOTE
r-release-linux-x86_64 0.1.1 3.01 39.48 42.49 NOTE
r-release-macos-arm64 0.1.1 16.00 NOTE
r-release-macos-x86_64 0.1.1 23.00 NOTE
r-release-windows-x86_64 0.1.1 13.00 61.00 74.00 NOTE
r-oldrel-macos-arm64 0.1.1 36.00 NOTE
r-oldrel-macos-x86_64 0.1.1 29.00 NOTE
r-oldrel-windows-ix86+x86_64 0.1.1 6.00 89.00 95.00 NOTE

Check Details

Version: 0.1.1
Check: LazyData
Result: NOTE
     'LazyData' is specified without a 'data' directory
Flavors: r-devel-linux-x86_64-debian-clang, r-devel-linux-x86_64-debian-gcc, r-devel-linux-x86_64-fedora-clang, r-devel-linux-x86_64-fedora-gcc, r-devel-windows-x86_64, r-patched-linux-x86_64, r-release-linux-x86_64, r-release-macos-arm64, r-release-macos-x86_64, r-release-windows-x86_64, r-oldrel-macos-arm64, r-oldrel-macos-x86_64, r-oldrel-windows-ix86+x86_64