CRAN Package Check Results for Package ph2mult

Last updated on 2022-10-04 03:56:48 CEST.

Flavor Version Tinstall Tcheck Ttotal Status Flags
r-devel-linux-x86_64-debian-clang 0.1.1 2.23 33.34 35.57 NOTE
r-devel-linux-x86_64-debian-gcc 0.1.1 2.22 25.51 27.73 NOTE
r-devel-linux-x86_64-fedora-clang 0.1.1 55.96 NOTE
r-devel-linux-x86_64-fedora-gcc 0.1.1 53.85 NOTE
r-devel-windows-x86_64 0.1.1 11.00 66.00 77.00 NOTE
r-patched-linux-x86_64 0.1.1 2.58 31.27 33.85 NOTE
r-release-linux-x86_64 0.1.1 2.60 30.97 33.57 NOTE
r-release-macos-arm64 0.1.1 16.00 NOTE
r-release-macos-x86_64 0.1.1 23.00 NOTE
r-release-windows-x86_64 0.1.1 11.00 60.00 71.00 NOTE
r-oldrel-macos-arm64 0.1.1 36.00 NOTE
r-oldrel-macos-x86_64 0.1.1 29.00 NOTE
r-oldrel-windows-ix86+x86_64 0.1.1 5.00 58.00 63.00 NOTE

Check Details

Version: 0.1.1
Check: LazyData
Result: NOTE
     'LazyData' is specified without a 'data' directory
Flavors: r-devel-linux-x86_64-debian-clang, r-devel-linux-x86_64-debian-gcc, r-devel-linux-x86_64-fedora-clang, r-devel-linux-x86_64-fedora-gcc, r-devel-windows-x86_64, r-patched-linux-x86_64, r-release-linux-x86_64, r-release-macos-arm64, r-release-macos-x86_64, r-release-windows-x86_64, r-oldrel-macos-arm64, r-oldrel-macos-x86_64, r-oldrel-windows-ix86+x86_64