Last updated on 2022-08-17 15:50:01 CEST.
Flavor | Version | Tinstall | Tcheck | Ttotal | Status | Flags |
---|---|---|---|---|---|---|
r-devel-linux-x86_64-debian-clang | 0.2-3 | 8.91 | 98.27 | 107.18 | NOTE | |
r-devel-linux-x86_64-debian-gcc | 0.2-3 | NOTE | ||||
r-devel-linux-x86_64-fedora-clang | 0.2-3 | 139.50 | NOTE | |||
r-devel-linux-x86_64-fedora-gcc | 0.2-3 | 134.77 | NOTE | |||
r-devel-windows-x86_64 | 0.2-3 | 13.00 | 115.00 | 128.00 | NOTE | |
r-patched-linux-x86_64 | 0.2-3 | 5.92 | 90.51 | 96.43 | OK | |
r-release-linux-x86_64 | 0.2-3 | 8.29 | 89.61 | 97.90 | OK | |
r-release-macos-arm64 | 0.2-3 | 37.00 | OK | |||
r-release-macos-x86_64 | 0.2-3 | 52.00 | OK | |||
r-release-windows-x86_64 | 0.2-3 | 14.00 | 117.00 | 131.00 | OK | |
r-oldrel-macos-arm64 | 0.2-3 | 29.00 | OK | |||
r-oldrel-macos-x86_64 | 0.2-3 | 34.00 | OK | |||
r-oldrel-windows-ix86+x86_64 | 0.2-3 | 22.00 | 114.00 | 136.00 | OK |
Version: 0.2-3
Check: Rd files
Result: NOTE
checkRd: (-1) PatentsRD.Rd:4: Escaped LaTeX specials: \&
checkRd: (-1) PatentsRD.Rd:30: Escaped LaTeX specials: \&
checkRd: (-1) PatentsRDUS.Rd:4: Escaped LaTeX specials: \&
Flavors: r-devel-linux-x86_64-debian-clang, r-devel-linux-x86_64-debian-gcc, r-devel-linux-x86_64-fedora-clang, r-devel-linux-x86_64-fedora-gcc, r-devel-windows-x86_64