CRAN Package Check Results for Package petro.One

Last updated on 2020-11-27 03:50:17 CET.

Flavor Version Tinstall Tcheck Ttotal Status Flags
r-devel-linux-x86_64-debian-clang 0.2.3 14.25 162.81 177.06 NOTE
r-devel-linux-x86_64-debian-gcc 0.2.3 11.34 119.43 130.77 NOTE
r-devel-linux-x86_64-fedora-clang 0.2.3 212.08 NOTE
r-devel-linux-x86_64-fedora-gcc 0.2.3 205.50 NOTE
r-devel-windows-ix86+x86_64 0.2.3 26.00 381.00 407.00 OK
r-patched-linux-x86_64 0.2.3 14.21 154.83 169.04 NOTE
r-release-linux-x86_64 0.2.3 13.68 151.38 165.06 NOTE
r-release-macos-x86_64 0.2.3 WARN
r-release-windows-ix86+x86_64 0.2.3 28.00 442.00 470.00 OK
r-oldrel-macos-x86_64 0.2.3 NOTE
r-oldrel-windows-ix86+x86_64 0.2.3 10.00 7.00 17.00 ERROR

Check Details

Version: 0.2.3
Check: for non-standard things in the check directory
Result: NOTE
    Found the following files/directories:
     'neural_network-s0000r1000.html' 'neural_network-s1000r1000.html'
     'neural_network-s2000r1000.html' 'neural_network-s3000r1000.html'
Flavors: r-devel-linux-x86_64-debian-clang, r-devel-linux-x86_64-debian-gcc, r-devel-linux-x86_64-fedora-clang, r-devel-linux-x86_64-fedora-gcc, r-patched-linux-x86_64, r-release-linux-x86_64

Version: 0.2.3
Check: dependencies in R code
Result: NOTE
    Namespaces in Imports field not imported from:
     ‘Rgraphviz’ ‘SnowballC’ ‘cluster’ ‘graph’
     All declared Imports should be used.
Flavors: r-devel-linux-x86_64-fedora-clang, r-devel-linux-x86_64-fedora-gcc, r-release-macos-x86_64, r-oldrel-macos-x86_64

Version: 0.2.3
Check: re-building of vignette outputs
Result: WARN
    Error(s) in re-building vignettes:
    --- re-building ‘artificial_intelligence_evolution.Rmd’ using rmarkdown
    Warning in engine$weave(file, quiet = quiet, encoding = enc) :
     Pandoc (>= 1.12.3) and/or pandoc-citeproc not available. Falling back to R Markdown v1.
    Quitting from lines 21-35 (artificial_intelligence_evolution.Rmd)
    Error: processing vignette 'artificial_intelligence_evolution.Rmd' failed with diagnostics:
    HTTP error 500.
    --- failed re-building ‘artificial_intelligence_evolution.Rmd’
    
    --- re-building ‘gas_influx_overbalanced.Rmd’ using rmarkdown
    Warning in engine$weave(file, quiet = quiet, encoding = enc) :
     Pandoc (>= 1.12.3) and/or pandoc-citeproc not available. Falling back to R Markdown v1.
    Quitting from lines 23-38 (gas_influx_overbalanced.Rmd)
    Error: processing vignette 'gas_influx_overbalanced.Rmd' failed with diagnostics:
    HTTP error 500.
    --- failed re-building ‘gas_influx_overbalanced.Rmd’
    
    --- re-building ‘gas_lift_keywords_variation.Rmd’ using rmarkdown
    Warning in engine$weave(file, quiet = quiet, encoding = enc) :
     Pandoc (>= 1.12.3) and/or pandoc-citeproc not available. Falling back to R Markdown v1.
    Quitting from lines 58-70 (gas_lift_keywords_variation.Rmd)
    Error: processing vignette 'gas_lift_keywords_variation.Rmd' failed with diagnostics:
    HTTP error 500.
    --- failed re-building ‘gas_lift_keywords_variation.Rmd’
    
    SUMMARY: processing the following files failed:
     ‘artificial_intelligence_evolution.Rmd’ ‘gas_influx_overbalanced.Rmd’
     ‘gas_lift_keywords_variation.Rmd’
    
    Error: Vignette re-building failed.
    Execution halted
Flavor: r-release-macos-x86_64

Version: 0.2.3
Check: whether package can be installed
Result: ERROR
    Installation failed.
Flavor: r-oldrel-windows-ix86+x86_64