Last updated on 2021-01-26 15:49:52 CET.
Flavor | Version | Tinstall | Tcheck | Ttotal | Status | Flags |
---|---|---|---|---|---|---|
r-devel-linux-x86_64-debian-clang | 0.0.1 | 93.55 | 122.59 | 216.14 | OK | |
r-devel-linux-x86_64-debian-gcc | 0.0.1 | 60.70 | 92.04 | 152.74 | OK | |
r-devel-linux-x86_64-fedora-clang | 0.0.1 | 275.22 | NOTE | |||
r-devel-linux-x86_64-fedora-gcc | 0.0.1 | 254.62 | OK | |||
r-devel-windows-ix86+x86_64 | 0.0.1 | 197.00 | 211.00 | 408.00 | OK | |
r-patched-linux-x86_64 | 0.0.1 | 55.31 | 111.83 | 167.14 | OK | |
r-patched-solaris-x86 | 0.0.1 | 294.50 | OK | |||
r-release-linux-x86_64 | 0.0.1 | 69.14 | 111.36 | 180.50 | OK | |
r-release-macos-x86_64 | 0.0.1 | NOTE | ||||
r-release-windows-ix86+x86_64 | 0.0.1 | 190.00 | 162.00 | 352.00 | OK | |
r-oldrel-macos-x86_64 | 0.0.1 | NOTE | ||||
r-oldrel-windows-ix86+x86_64 | 0.0.1 | 140.00 | 189.00 | 329.00 | OK |
Version: 0.0.1
Check: installed package size
Result: NOTE
installed size is 11.9Mb
sub-directories of 1Mb or more:
libs 11.6Mb
Flavors: r-devel-linux-x86_64-fedora-clang, r-release-macos-x86_64, r-oldrel-macos-x86_64