CRAN Package Check Results for Package pergola

Last updated on 2020-09-22 03:49:33 CEST.

Flavor Version Tinstall Tcheck Ttotal Status Flags
r-devel-linux-x86_64-debian-clang 1.0 3.23 62.12 65.35 NOTE
r-devel-linux-x86_64-debian-gcc 1.0 0.38 2.45 2.83 ERROR
r-devel-linux-x86_64-fedora-clang 1.0 94.83 NOTE
r-devel-linux-x86_64-fedora-gcc 1.0 86.59 NOTE
r-devel-windows-ix86+x86_64 1.0 8.00 70.00 78.00 NOTE
r-patched-linux-x86_64 1.0 1.94 64.72 66.66 NOTE
r-patched-solaris-x86 1.0 109.30 NOTE
r-release-linux-x86_64 1.0 2.05 64.46 66.51 NOTE
r-release-macos-x86_64 1.0 NOTE
r-release-windows-ix86+x86_64 1.0 7.00 86.00 93.00 NOTE
r-oldrel-macos-x86_64 1.0 NOTE
r-oldrel-windows-ix86+x86_64 1.0 4.00 83.00 87.00 NOTE

Check Details

Version: 1.0
Check: package dependencies
Result: NOTE
    Package suggested but not available for checking: 'dendextendRcpp'
Flavors: r-devel-linux-x86_64-debian-clang, r-devel-linux-x86_64-debian-gcc, r-devel-linux-x86_64-fedora-clang, r-devel-linux-x86_64-fedora-gcc, r-devel-windows-ix86+x86_64, r-patched-linux-x86_64, r-patched-solaris-x86, r-release-linux-x86_64, r-release-macos-x86_64, r-release-windows-ix86+x86_64, r-oldrel-macos-x86_64, r-oldrel-windows-ix86+x86_64

Version: 1.0
Check: whether package can be installed
Result: ERROR
    Installation failed.
Flavor: r-devel-linux-x86_64-debian-gcc