CRAN Package Check Results for Package performanceEstimation

Last updated on 2023-02-05 03:53:55 CET.

Flavor Version Tinstall Tcheck Ttotal Status Flags
r-devel-linux-x86_64-debian-clang 1.1.0 8.03 54.68 62.71 NOTE
r-devel-linux-x86_64-debian-gcc 1.1.0 5.43 41.61 47.04 NOTE
r-devel-linux-x86_64-fedora-clang 1.1.0 81.96 NOTE
r-devel-linux-x86_64-fedora-gcc 1.1.0 78.43 NOTE
r-devel-windows-x86_64 1.1.0 164.00 96.00 260.00 NOTE
r-patched-linux-x86_64 1.1.0 9.62 52.07 61.69 NOTE
r-release-linux-x86_64 1.1.0 7.40 52.20 59.60 NOTE
r-release-macos-arm64 1.1.0 22.00 NOTE
r-release-macos-x86_64 1.1.0 52.00 NOTE
r-release-windows-x86_64 1.1.0 247.00 98.00 345.00 NOTE
r-oldrel-macos-arm64 1.1.0 29.00 NOTE
r-oldrel-macos-x86_64 1.1.0 47.00 NOTE
r-oldrel-windows-ix86+x86_64 1.1.0 18.00 83.00 101.00 NOTE

Check Details

Version: 1.1.0
Check: package dependencies
Result: NOTE
    Package suggested but not available for checking: ‘DMwR’
Flavors: r-devel-linux-x86_64-debian-clang, r-devel-linux-x86_64-debian-gcc, r-devel-linux-x86_64-fedora-clang, r-devel-linux-x86_64-fedora-gcc, r-devel-windows-x86_64, r-patched-linux-x86_64, r-release-linux-x86_64, r-release-macos-arm64, r-release-macos-x86_64, r-release-windows-x86_64

Version: 1.1.0
Check: LazyData
Result: NOTE
     'LazyData' is specified without a 'data' directory
Flavors: r-devel-linux-x86_64-debian-clang, r-devel-linux-x86_64-debian-gcc, r-devel-linux-x86_64-fedora-clang, r-devel-linux-x86_64-fedora-gcc, r-devel-windows-x86_64, r-patched-linux-x86_64, r-release-linux-x86_64, r-release-macos-arm64, r-release-macos-x86_64, r-release-windows-x86_64, r-oldrel-macos-arm64, r-oldrel-macos-x86_64, r-oldrel-windows-ix86+x86_64