CRAN Package Check Results for Package performance

Last updated on 2020-08-09 15:47:53 CEST.

Flavor Version Tinstall Tcheck Ttotal Status Flags
r-devel-linux-x86_64-debian-clang 0.4.8 10.92 122.15 133.07 OK
r-devel-linux-x86_64-debian-gcc 0.4.8 9.09 91.85 100.94 OK
r-devel-linux-x86_64-fedora-clang 0.4.8 162.78 OK
r-devel-linux-x86_64-fedora-gcc 0.4.8 156.48 OK
r-devel-windows-ix86+x86_64 0.4.8 24.00 191.00 215.00 OK
r-patched-linux-x86_64 0.4.8 10.86 102.48 113.34 NOTE
r-patched-solaris-x86 0.4.8 210.70 OK
r-release-linux-x86_64 0.4.8 11.60 122.09 133.69 OK
r-release-macos-x86_64 0.4.8 OK
r-release-windows-ix86+x86_64 0.4.8 16.00 183.00 199.00 OK
r-oldrel-macos-x86_64 0.4.8 OK
r-oldrel-windows-ix86+x86_64 0.4.8 15.00 139.00 154.00 OK

Check Details

Version: 0.4.8
Check: package dependencies
Result: NOTE
    Package suggested but not available for checking: ‘rstanarm’
Flavor: r-patched-linux-x86_64