CRAN Package Check Results for Package pense

Last updated on 2020-12-01 04:47:43 CET.

Flavor Version Tinstall Tcheck Ttotal Status Flags
r-devel-linux-x86_64-debian-clang 2.0.2 609.01 143.30 752.31 OK
r-devel-linux-x86_64-debian-gcc 2.0.2 368.54 103.09 471.63 OK
r-devel-linux-x86_64-fedora-clang 2.0.2 904.23 NOTE
r-devel-linux-x86_64-fedora-gcc 2.0.2 829.50 OK
r-devel-windows-ix86+x86_64 2.0.2 900.00 264.00 1164.00 NOTE
r-patched-linux-x86_64 2.0.2 1095.33 139.80 1235.13 OK
r-patched-solaris-x86 2.0.2 726.70 OK
r-release-linux-x86_64 2.0.2 1100.60 142.02 1242.62 OK
r-release-macos-x86_64 2.0.2 NOTE
r-release-windows-ix86+x86_64 2.0.2 888.00 238.00 1126.00 NOTE
r-oldrel-macos-x86_64 2.0.2 NOTE
r-oldrel-windows-ix86+x86_64 2.0.2 701.00 324.00 1025.00 NOTE

Check Details

Version: 2.0.2
Check: installed package size
Result: NOTE
     installed size is 55.7Mb
     sub-directories of 1Mb or more:
     libs 54.7Mb
Flavors: r-devel-linux-x86_64-fedora-clang, r-devel-windows-ix86+x86_64, r-release-macos-x86_64, r-release-windows-ix86+x86_64, r-oldrel-macos-x86_64, r-oldrel-windows-ix86+x86_64