CRAN Package Check Results for Package penppml

Last updated on 2024-07-18 15:49:07 CEST.

Flavor Version Tinstall Tcheck Ttotal Status Flags
r-devel-linux-x86_64-debian-clang 0.2.3 57.20 135.12 192.32 OK
r-devel-linux-x86_64-debian-gcc 0.2.3 39.61 102.45 142.06 OK
r-devel-linux-x86_64-fedora-clang 0.2.3 260.65 NOTE
r-devel-linux-x86_64-fedora-gcc 0.2.3 262.60 NOTE
r-devel-windows-x86_64 0.2.3 41.00 140.00 181.00 OK
r-patched-linux-x86_64 0.2.3 54.38 134.04 188.42 OK
r-release-linux-x86_64 0.2.3 35.81 130.52 166.33 OK
r-release-macos-arm64 0.2.3 70.00 NOTE
r-release-macos-x86_64 0.2.3 183.00 NOTE
r-release-windows-x86_64 0.2.3 41.00 140.00 181.00 OK
r-oldrel-macos-arm64 0.2.3 109.00 NOTE
r-oldrel-macos-x86_64 0.2.3 137.00 NOTE
r-oldrel-windows-x86_64 0.2.3 56.00 167.00 223.00 OK

Check Details

Version: 0.2.3
Check: dependencies in R code
Result: NOTE Namespace in Imports field not imported from: ‘fixest’ All declared Imports should be used. Flavors: r-devel-linux-x86_64-fedora-clang, r-devel-linux-x86_64-fedora-gcc

Version: 0.2.3
Check: installed package size
Result: NOTE installed size is 11.2Mb sub-directories of 1Mb or more: data 1.8Mb libs 9.1Mb Flavors: r-release-macos-arm64, r-release-macos-x86_64, r-oldrel-macos-arm64, r-oldrel-macos-x86_64