Last updated on 2022-07-03 15:52:39 CEST.
Flavor | Version | Tinstall | Tcheck | Ttotal | Status | Flags |
---|---|---|---|---|---|---|
r-devel-linux-x86_64-debian-clang | 1.2.1 | 14.67 | 145.13 | 159.80 | OK | |
r-devel-linux-x86_64-debian-gcc | 1.2.1 | 11.36 | 109.14 | 120.50 | OK | |
r-devel-linux-x86_64-fedora-clang | 1.2.1 | 200.32 | OK | |||
r-devel-linux-x86_64-fedora-gcc | 1.2.1 | 135.98 | OK | |||
r-devel-windows-x86_64 | 1.2.1 | 28.00 | 314.00 | 342.00 | OK | |
r-patched-linux-x86_64 | 1.2.1 | 17.40 | 135.45 | 152.85 | OK | |
r-release-linux-x86_64 | 1.2.1 | 14.53 | 138.98 | 153.51 | OK | |
r-release-macos-arm64 | 1.2.1 | 70.00 | ERROR | |||
r-release-macos-x86_64 | 1.2.1 | 82.00 | ERROR | |||
r-release-windows-x86_64 | 1.2.1 | 32.00 | 319.00 | 351.00 | OK | |
r-oldrel-macos-arm64 | 1.2.1 | 62.00 | WARN | |||
r-oldrel-macos-x86_64 | 1.2.1 | 80.00 | WARN | |||
r-oldrel-windows-ix86+x86_64 | 1.2.1 | 32.00 | 285.00 | 317.00 | OK |
Version: 1.2.1
Check: package dependencies
Result: NOTE
Package suggested but not available for checking: ‘ptmixed’
Flavors: r-release-macos-arm64, r-release-macos-x86_64, r-oldrel-macos-arm64, r-oldrel-macos-x86_64
Version: 1.2.1
Check: re-building of vignette outputs
Result: ERROR
Error(s) in re-building vignettes:
...
--- re-building ‘pencal-vignette.Rmd’ using rmarkdown
Quitting from lines 156-165 (pencal-vignette.Rmd)
Error: processing vignette 'pencal-vignette.Rmd' failed with diagnostics:
there is no package called 'ptmixed'
--- failed re-building ‘pencal-vignette.Rmd’
SUMMARY: processing the following file failed:
‘pencal-vignette.Rmd’
Error: Vignette re-building failed.
Execution halted
Flavors: r-release-macos-arm64, r-release-macos-x86_64
Version: 1.2.1
Check: re-building of vignette outputs
Result: WARN
Error(s) in re-building vignettes:
...
--- re-building ‘pencal-vignette.Rmd’ using rmarkdown
Quitting from lines 156-165 (pencal-vignette.Rmd)
Error: processing vignette 'pencal-vignette.Rmd' failed with diagnostics:
there is no package called 'ptmixed'
--- failed re-building ‘pencal-vignette.Rmd’
SUMMARY: processing the following file failed:
‘pencal-vignette.Rmd’
Error: Vignette re-building failed.
Execution halted
Flavors: r-oldrel-macos-arm64, r-oldrel-macos-x86_64