Last updated on 2023-01-29 16:55:05 CET.
Flavor | Version | Tinstall | Tcheck | Ttotal | Status | Flags |
---|---|---|---|---|---|---|
r-devel-linux-x86_64-debian-clang | 0.99 | 18.25 | 29.08 | 47.33 | OK | |
r-devel-linux-x86_64-debian-gcc | 0.99 | 13.52 | 22.96 | 36.48 | OK | |
r-devel-linux-x86_64-fedora-clang | 0.99 | 67.59 | NOTE | |||
r-devel-linux-x86_64-fedora-gcc | 0.99 | 60.85 | NOTE | |||
r-devel-windows-x86_64 | 0.99 | 29.00 | 76.00 | 105.00 | OK | |
r-patched-linux-x86_64 | 0.99 | 13.71 | 29.44 | 43.15 | OK | |
r-release-linux-x86_64 | 0.99 | 15.11 | 29.44 | 44.55 | OK | |
r-release-macos-arm64 | 0.99 | 22.00 | OK | |||
r-release-macos-x86_64 | 0.99 | 30.00 | OK | |||
r-release-windows-x86_64 | 0.99 | 24.00 | 89.00 | 113.00 | OK | |
r-oldrel-macos-arm64 | 0.99 | 24.00 | OK | |||
r-oldrel-macos-x86_64 | 0.99 | 35.00 | OK | |||
r-oldrel-windows-ix86+x86_64 | 0.99 | 44.00 | 85.00 | 129.00 | OK |
Version: 0.99
Check: compiled code
Result: NOTE
File ‘penMSM/libs/penMSM.so’:
Found no calls to: ‘R_registerRoutines’, ‘R_useDynamicSymbols’
It is good practice to register native routines and to disable symbol
search.
See ‘Writing portable packages’ in the ‘Writing R Extensions’ manual.
Flavors: r-devel-linux-x86_64-fedora-clang, r-devel-linux-x86_64-fedora-gcc