Last updated on 2023-12-01 03:56:37 CET.
Flavor | Version | Tinstall | Tcheck | Ttotal | Status | Flags |
---|---|---|---|---|---|---|
r-devel-linux-x86_64-debian-clang | 0.2.29.1 | 68.10 | 414.17 | 482.27 | NOTE | |
r-devel-linux-x86_64-debian-gcc | 0.2.29.1 | 49.65 | 296.30 | 345.95 | NOTE | |
r-devel-linux-x86_64-fedora-clang | 0.2.29.1 | 605.26 | OK | |||
r-devel-linux-x86_64-fedora-gcc | 0.2.29.1 | 576.62 | OK | |||
r-devel-windows-x86_64 | 0.2.29.1 | 52.00 | 276.00 | 328.00 | OK | |
r-patched-linux-x86_64 | 0.2.29.1 | 52.88 | 393.82 | 446.70 | OK | |
r-release-linux-x86_64 | 0.2.29.1 | 40.14 | 383.74 | 423.88 | OK | |
r-release-macos-arm64 | 0.2.29.1 | 139.00 | OK | |||
r-release-macos-x86_64 | 0.2.29.1 | 247.00 | OK | |||
r-release-windows-x86_64 | 0.2.29.1 | 72.00 | 371.00 | 443.00 | OK | |
r-oldrel-macos-arm64 | 0.2.29.1 | 112.00 | OK | |||
r-oldrel-macos-x86_64 | 0.2.29.1 | 214.00 | OK | |||
r-oldrel-windows-x86_64 | 0.2.29.1 | 69.00 | 350.00 | 419.00 | OK |
Version: 0.2.29.1
Check: Rd files
Result: NOTE
checkRd: (-1) 5.1.pems.plots.Rd:212: Lost braces; missing escapes or markup?
212 | (Logical or character) For {WatsonPlot}, how to
| ^
checkRd: (-1) 5.1.pems.plots.Rd:221: Lost braces; missing escapes or markup?
221 | (numeric) For {WatsonPlot}, pre-set plot types:
| ^
checkRd: (-1) 6.2.check.functions.Rd:189: Lost braces
189 | If a parent function is identified as \code{fun.name} and the check case (code{input},
| ^
checkRd: (-1) 7.1.vsp.code.Rd:89: Lost braces
89 | code{\link{common.calculations}} for further details.
| ^
checkRd: (-1) 7.2.emissions.code.Rd:90: Lost braces
90 | emissions calculation methods. It accepts an input code{conc} which it checks and passes
| ^
checkRd: (-1) 8.1.tidyverse.tools.Rd:139: Lost braces
139 | (\code{pems}, code{data.frame}, etc) to
| ^
Flavors: r-devel-linux-x86_64-debian-clang, r-devel-linux-x86_64-debian-gcc