CRAN Package Check Results for Package pedquant

Last updated on 2022-06-28 15:53:24 CEST.

Flavor Version Tinstall Tcheck Ttotal Status Flags
r-devel-linux-x86_64-debian-clang 0.1.9 16.34 118.35 134.69 OK
r-devel-linux-x86_64-debian-gcc 0.1.9 14.52 86.69 101.21 OK
r-devel-linux-x86_64-fedora-clang 0.1.9 166.32 NOTE
r-devel-linux-x86_64-fedora-gcc 0.1.9 160.15 NOTE
r-devel-windows-x86_64 0.1.9 67.00 127.00 194.00 OK
r-patched-linux-x86_64 0.1.9 19.57 106.59 126.16 OK
r-release-linux-x86_64 0.1.9 11.03 108.71 119.74 OK
r-release-macos-arm64 0.1.9 41.00 NOTE
r-release-macos-x86_64 0.1.9 62.00 NOTE
r-release-windows-x86_64 0.1.9 66.00 135.00 201.00 OK
r-oldrel-macos-arm64 0.1.9 41.00 NOTE
r-oldrel-macos-x86_64 0.1.9 53.00 NOTE
r-oldrel-windows-ix86+x86_64 0.1.9 35.00 131.00 166.00 OK

Check Details

Version: 0.1.9
Check: data for non-ASCII characters
Result: NOTE
     Note: found 13918 marked UTF-8 strings
Flavors: r-devel-linux-x86_64-fedora-clang, r-devel-linux-x86_64-fedora-gcc, r-release-macos-arm64, r-release-macos-x86_64, r-oldrel-macos-arm64, r-oldrel-macos-x86_64