CRAN Package Check Results for Package pedometrics

Last updated on 2020-09-22 03:49:33 CEST.

Flavor Version Tinstall Tcheck Ttotal Status Flags
r-devel-linux-x86_64-debian-clang 0.7.0 18.06 49.70 67.76 OK
r-devel-linux-x86_64-debian-gcc 0.7.0 0.34 2.12 2.46 ERROR
r-devel-linux-x86_64-fedora-clang 0.7.0 100.05 NOTE
r-devel-linux-x86_64-fedora-gcc 0.7.0 84.22 OK
r-devel-windows-ix86+x86_64 0.7.0 45.00 90.00 135.00 OK
r-patched-linux-x86_64 0.7.0 14.42 48.41 62.83 OK
r-patched-solaris-x86 0.7.0 110.10 OK
r-release-linux-x86_64 0.7.0 16.70 49.14 65.84 OK
r-release-macos-x86_64 0.7.0 OK
r-release-windows-ix86+x86_64 0.7.0 46.00 109.00 155.00 OK
r-oldrel-macos-x86_64 0.7.0 NOTE
r-oldrel-windows-ix86+x86_64 0.7.0 33.00 100.00 133.00 OK

Check Details

Version: 0.7.0
Check: whether package can be installed
Result: ERROR
    Installation failed.
Flavor: r-devel-linux-x86_64-debian-gcc

Version: 0.7.0
Check: Rd cross-references
Result: NOTE
    Undeclared packages ‘Hmisc’, ‘vcd’, ‘VecStatGraphs2D’, ‘mvtsplot’, ‘matrixStats’, ‘RandomFields’, ‘automap’, ‘spsann’ in Rd xrefs
Flavor: r-devel-linux-x86_64-fedora-clang

Version: 0.7.0
Check: dependencies in R code
Result: NOTE
    No protocol specified
    No protocol specified
Flavor: r-oldrel-macos-x86_64