CRAN Package Check Results for Package pedigree

Last updated on 2022-06-30 15:51:47 CEST.

Flavor Version Tinstall Tcheck Ttotal Status Flags
r-devel-linux-x86_64-debian-clang 1.4.1 8.41 72.60 81.01 NOTE
r-devel-linux-x86_64-debian-gcc 1.4.1 9.74 55.39 65.13 NOTE
r-devel-linux-x86_64-fedora-clang 1.4.1 113.48 NOTE
r-devel-linux-x86_64-fedora-gcc 1.4.1 109.33 NOTE
r-devel-windows-x86_64 1.4.1 31.00 121.00 152.00 NOTE
r-patched-linux-x86_64 1.4.1 8.81 68.84 77.65 NOTE
r-release-linux-x86_64 1.4.1 11.23 68.67 79.90 NOTE
r-release-macos-arm64 1.4.1 28.00 NOTE
r-release-macos-x86_64 1.4.1 47.00 NOTE
r-release-windows-x86_64 1.4.1 32.00 111.00 143.00 NOTE
r-oldrel-macos-arm64 1.4.1 29.00 NOTE
r-oldrel-macos-x86_64 1.4.1 50.00 NOTE
r-oldrel-windows-ix86+x86_64 1.4.1 26.00 125.00 151.00 NOTE

Check Details

Version: 1.4.1
Check: dependencies in R code
Result: NOTE
    Package in Depends field not imported from: 'reshape'
     These packages need to be imported from (in the NAMESPACE file)
     for when this namespace is loaded but not attached.
Flavors: r-devel-linux-x86_64-debian-clang, r-devel-linux-x86_64-debian-gcc, r-devel-linux-x86_64-fedora-clang, r-devel-linux-x86_64-fedora-gcc, r-devel-windows-x86_64, r-patched-linux-x86_64, r-release-linux-x86_64, r-release-macos-arm64, r-release-macos-x86_64, r-release-windows-x86_64, r-oldrel-macos-arm64, r-oldrel-macos-x86_64, r-oldrel-windows-ix86+x86_64

Version: 1.4.1
Check: for non-standard things in the check directory
Result: NOTE
    Found the following files/directories:
     'A.txt' 'Ainv.txt'
Flavors: r-devel-linux-x86_64-debian-clang, r-devel-linux-x86_64-debian-gcc, r-devel-linux-x86_64-fedora-clang, r-devel-linux-x86_64-fedora-gcc, r-patched-linux-x86_64, r-release-linux-x86_64

Version: 1.4.1
Check: compiled code
Result: NOTE
    File ‘pedigree/libs/pedigree.so’:
     Found no calls to: ‘R_registerRoutines’, ‘R_useDynamicSymbols’
    
    It is good practice to register native routines and to disable symbol
    search.
    
    See ‘Writing portable packages’ in the ‘Writing R Extensions’ manual.
Flavors: r-devel-linux-x86_64-fedora-clang, r-devel-linux-x86_64-fedora-gcc