CRAN Package Check Results for Package pdfCluster

Last updated on 2020-10-21 03:47:28 CEST.

Flavor Version Tinstall Tcheck Ttotal Status Flags
r-devel-linux-x86_64-debian-clang 1.0-3 7.20 50.26 57.46 OK
r-devel-linux-x86_64-debian-gcc 1.0-3 6.40 38.54 44.94 OK
r-devel-linux-x86_64-fedora-clang 1.0-3 77.34 NOTE
r-devel-linux-x86_64-fedora-gcc 1.0-3 71.46 OK
r-devel-windows-ix86+x86_64 1.0-3 17.00 78.00 95.00 OK
r-patched-linux-x86_64 1.0-3 7.47 48.04 55.51 OK
r-patched-solaris-x86 1.0-3 99.80 OK
r-release-linux-x86_64 1.0-3 7.16 47.77 54.93 OK
r-release-macos-x86_64 1.0-3 OK
r-release-windows-ix86+x86_64 1.0-3 15.00 82.00 97.00 OK
r-oldrel-macos-x86_64 1.0-3 OK
r-oldrel-windows-ix86+x86_64 1.0-3 12.00 102.00 114.00 OK

Check Details

Version: 1.0-3
Check: Rd cross-references
Result: NOTE
    Undeclared packages ‘sm’, ‘spdep’ in Rd xrefs
Flavor: r-devel-linux-x86_64-fedora-clang