CRAN Package Check Results for Package pdfCluster

Last updated on 2022-07-06 03:52:22 CEST.

Flavor Version Tinstall Tcheck Ttotal Status Flags
r-devel-linux-x86_64-debian-clang 1.0-3 8.20 56.16 64.36 OK
r-devel-linux-x86_64-debian-gcc 1.0-3 7.44 41.64 49.08 OK
r-devel-linux-x86_64-fedora-clang 1.0-3 87.77 NOTE
r-devel-linux-x86_64-fedora-gcc 1.0-3 86.66 OK
r-devel-windows-x86_64 1.0-3 53.00 90.00 143.00 OK
r-patched-linux-x86_64 1.0-3 7.88 53.15 61.03 OK
r-release-linux-x86_64 1.0-3 7.52 51.83 59.35 OK
r-release-macos-arm64 1.0-3 28.00 OK
r-release-macos-x86_64 1.0-3 40.00 OK
r-release-windows-x86_64 1.0-3 45.00 99.00 144.00 OK
r-oldrel-macos-arm64 1.0-3 40.00 OK
r-oldrel-macos-x86_64 1.0-3 55.00 OK
r-oldrel-windows-ix86+x86_64 1.0-3 23.00 119.00 142.00 OK

Check Details

Version: 1.0-3
Check: Rd cross-references
Result: NOTE
    Undeclared packages ‘sm’, ‘spdep’ in Rd xrefs
Flavor: r-devel-linux-x86_64-fedora-clang