CRAN Package Check Results for Package pdR

Last updated on 2020-10-23 15:48:13 CEST.

Flavor Version Tinstall Tcheck Ttotal Status Flags
r-devel-linux-x86_64-debian-clang 1.7 11.86 76.52 88.38 OK
r-devel-linux-x86_64-debian-gcc 1.7 8.70 58.24 66.94 OK
r-devel-linux-x86_64-fedora-clang 1.7 116.00 NOTE
r-devel-linux-x86_64-fedora-gcc 1.7 103.97 NOTE
r-devel-windows-ix86+x86_64 1.7 18.00 95.00 113.00 OK
r-patched-linux-x86_64 1.7 11.03 72.75 83.78 OK
r-patched-solaris-x86 1.7 146.90 NOTE
r-release-linux-x86_64 1.7 9.89 72.76 82.65 OK
r-release-macos-x86_64 1.7 NOTE
r-release-windows-ix86+x86_64 1.7 23.00 69.00 92.00 OK
r-oldrel-macos-x86_64 1.7 NOTE
r-oldrel-windows-ix86+x86_64 1.7 16.00 95.00 111.00 OK

Check Details

Version: 1.7
Check: dependencies in R code
Result: NOTE
    Namespaces in Imports field not imported from:
     ‘car’ ‘sandwich’
     All declared Imports should be used.
Flavors: r-devel-linux-x86_64-fedora-clang, r-devel-linux-x86_64-fedora-gcc, r-patched-solaris-x86, r-release-macos-x86_64, r-oldrel-macos-x86_64