CRAN Package Check Results for Package pctax

Last updated on 2024-06-14 03:57:30 CEST.

Flavor Version Tinstall Tcheck Ttotal Status Flags
r-devel-linux-x86_64-debian-clang 0.1.1 11.06 155.24 166.30 OK
r-devel-linux-x86_64-debian-gcc 0.1.1 0.48 1.89 2.37 ERROR
r-devel-linux-x86_64-fedora-clang 0.1.1 214.45 OK
r-devel-linux-x86_64-fedora-gcc 0.1.1 153.61 OK
r-devel-windows-x86_64 0.1.1 12.00 135.00 147.00 OK
r-patched-linux-x86_64 0.1.1 20.99 150.40 171.39 OK
r-release-linux-x86_64 0.1.1 11.80 148.49 160.29 OK
r-release-macos-arm64 0.1.1 48.00 NOTE
r-release-macos-x86_64 0.1.1 89.00 NOTE
r-release-windows-x86_64 0.1.1 12.00 137.00 149.00 OK
r-oldrel-macos-arm64 0.1.1 57.00 NOTE
r-oldrel-macos-x86_64 0.1.1 86.00 NOTE
r-oldrel-windows-x86_64 0.1.1 16.00 170.00 186.00 OK

Check Details

Version: 0.1.1
Check: package dependencies
Result: ERROR Packages required but not available: 'pcutils', 'dplyr', 'ggplot2', 'ggrepel', 'reshape2', 'tibble', 'ggpubr', 'ggnewscale' Packages suggested but not available for checking: 'ggpmisc', 'NST', 'aplot', 'mixOmics', 'phyloseq', 'phyloseqGraphTest', 'plotly', 'Hmisc', 'patchwork', 'tidytree', 'ggtree', 'ggtreeExtra', 'vctrs', 'DESeq2', 'MetaNet', 'zetadiv', 'ggforce', 'readxl' See section ‘The DESCRIPTION file’ in the ‘Writing R Extensions’ manual. Flavor: r-devel-linux-x86_64-debian-gcc

Version: 0.1.1
Check: package dependencies
Result: NOTE Package suggested but not available for checking: ‘ggtreeExtra’ Flavors: r-release-macos-arm64, r-release-macos-x86_64

Version: 0.1.1
Check: package dependencies
Result: NOTE Packages suggested but not available for checking: 'phyloseq', 'phyloseqGraphTest', 'ggtreeExtra' Flavors: r-oldrel-macos-arm64, r-oldrel-macos-x86_64