CRAN Package Check Results for Package pcds

Last updated on 2020-09-22 16:02:35 CEST.

Flavor Version Tinstall Tcheck Ttotal Status Flags
r-devel-linux-x86_64-debian-clang 0.1.1 45.99 334.99 380.98 OK
r-devel-linux-x86_64-debian-gcc 0.1.1 34.69 254.95 289.64 OK
r-devel-linux-x86_64-fedora-clang 0.1.1 467.36 WARN
r-devel-linux-x86_64-fedora-gcc 0.1.1 465.60 OK
r-devel-windows-ix86+x86_64 0.1.1 59.00 308.00 367.00 OK
r-patched-linux-x86_64 0.1.1 46.04 332.14 378.18 OK
r-patched-solaris-x86 0.1.1 623.50 OK
r-release-linux-x86_64 0.1.1 46.66 334.89 381.55 OK
r-release-macos-x86_64 0.1.1 OK
r-release-windows-ix86+x86_64 0.1.1 54.00 291.00 345.00 OK
r-oldrel-macos-x86_64 0.1.1 OK
r-oldrel-windows-ix86+x86_64 0.1.1 33.00 360.00 393.00 OK

Check Details

Version: 0.1.1
Check: package dependencies
Result: WARN
    Requires (indirectly) orphaned package: ‘bibtex’
Flavor: r-devel-linux-x86_64-fedora-clang

Version: 0.1.1
Check: Rd cross-references
Result: NOTE
    Undeclared package ‘spatstat’ in Rd xrefs
Flavor: r-devel-linux-x86_64-fedora-clang