CRAN Package Check Results for Package pccc

Last updated on 2020-09-27 03:46:39 CEST.

Flavor Version Tinstall Tcheck Ttotal Status Flags
r-devel-linux-x86_64-debian-clang 1.0.5 91.32 57.02 148.34 OK
r-devel-linux-x86_64-debian-gcc 1.0.5 40.06 43.57 83.63 OK
r-devel-linux-x86_64-fedora-clang 1.0.5 177.59 NOTE
r-devel-linux-x86_64-fedora-gcc 1.0.5 135.91 OK
r-devel-windows-ix86+x86_64 1.0.5 108.00 110.00 218.00 OK
r-patched-linux-x86_64 1.0.5 68.28 54.30 122.58 OK
r-patched-solaris-x86 1.0.5 154.40 OK
r-release-linux-x86_64 1.0.5 65.23 54.22 119.45 OK
r-release-macos-x86_64 1.0.5 NOTE
r-release-windows-ix86+x86_64 1.0.5 100.00 114.00 214.00 OK
r-oldrel-macos-x86_64 1.0.5 NOTE
r-oldrel-windows-ix86+x86_64 1.0.5 101.00 107.00 208.00 OK

Check Details

Version: 1.0.5
Check: installed package size
Result: NOTE
     installed size is 6.1Mb
     sub-directories of 1Mb or more:
     libs 4.4Mb
Flavors: r-devel-linux-x86_64-fedora-clang, r-release-macos-x86_64, r-oldrel-macos-x86_64