Last updated on 2023-01-29 03:55:21 CET.
Flavor | Version | Tinstall | Tcheck | Ttotal | Status | Flags |
---|---|---|---|---|---|---|
r-devel-linux-x86_64-debian-clang | 1.0.5 | 50.32 | 72.32 | 122.64 | OK | |
r-devel-linux-x86_64-debian-gcc | 1.0.5 | 45.72 | 55.34 | 101.06 | NOTE | |
r-devel-linux-x86_64-fedora-clang | 1.0.5 | 165.43 | NOTE | |||
r-devel-linux-x86_64-fedora-gcc | 1.0.5 | 191.24 | NOTE | |||
r-patched-linux-x86_64 | 1.0.5 | 40.92 | 69.71 | 110.63 | OK | |
r-release-linux-x86_64 | 1.0.5 | 50.75 | 66.33 | 117.08 | OK | |
r-release-macos-arm64 | 1.0.5 | 53.00 | OK | |||
r-release-macos-x86_64 | 1.0.5 | 95.00 | NOTE | |||
r-release-windows-x86_64 | 1.0.5 | 57.00 | 122.00 | 179.00 | OK | |
r-oldrel-macos-arm64 | 1.0.5 | 57.00 | NOTE | |||
r-oldrel-macos-x86_64 | 1.0.5 | 95.00 | NOTE | |||
r-oldrel-windows-ix86+x86_64 | 1.0.5 | 110.00 | 136.00 | 246.00 | OK |
Version: 1.0.5
Check: C++ specification
Result: NOTE
Specified C++11: please update to current default of C++17
Flavors: r-devel-linux-x86_64-debian-gcc, r-devel-linux-x86_64-fedora-clang, r-devel-linux-x86_64-fedora-gcc
Version: 1.0.5
Check: installed package size
Result: NOTE
installed size is 6.1Mb
sub-directories of 1Mb or more:
libs 4.3Mb
Flavors: r-release-macos-x86_64, r-oldrel-macos-arm64, r-oldrel-macos-x86_64