Last updated on 2023-01-31 04:06:29 CET.
Flavor | Version | Tinstall | Tcheck | Ttotal | Status | Flags |
---|---|---|---|---|---|---|
r-devel-linux-x86_64-debian-clang | 1.5.7 | 13.43 | 33.34 | 46.77 | OK | |
r-devel-linux-x86_64-debian-gcc | 1.5.7 | 8.99 | 25.63 | 34.62 | OK | |
r-devel-linux-x86_64-fedora-clang | 1.5.7 | 60.79 | OK | |||
r-devel-linux-x86_64-fedora-gcc | 1.5.7 | 56.91 | OK | |||
r-devel-windows-x86_64 | 1.5.7 | 44.00 | 97.00 | 141.00 | OK | |
r-patched-linux-x86_64 | 1.5.7 | 9.40 | 32.54 | 41.94 | OK | |
r-release-linux-x86_64 | 1.5.7 | 10.04 | 33.06 | 43.10 | OK | |
r-release-macos-arm64 | 1.5.7 | 23.00 | OK | |||
r-release-macos-x86_64 | 1.5.7 | 37.00 | OK | |||
r-release-windows-x86_64 | 1.5.7 | 36.00 | 87.00 | 123.00 | OK | |
r-oldrel-macos-arm64 | 1.5.7 | 24.00 | OK | |||
r-oldrel-macos-x86_64 | 1.5.7 | 39.00 | OK | |||
r-oldrel-windows-ix86+x86_64 | 1.5.7 | 34.00 | 90.00 | 124.00 | NOTE |
Version: 1.5.7
Check: installed package size
Result: NOTE
installed size is 6.9Mb
sub-directories of 1Mb or more:
libs 6.7Mb
Flavor: r-oldrel-windows-ix86+x86_64