Last updated on 2022-06-25 15:51:28 CEST.
Flavor | Version | Tinstall | Tcheck | Ttotal | Status | Flags |
---|---|---|---|---|---|---|
r-devel-linux-x86_64-debian-clang | 1.0.0 | 58.54 | 242.97 | 301.51 | NOTE | |
r-devel-linux-x86_64-debian-gcc | 1.0.0 | 50.53 | 168.19 | 218.72 | NOTE | |
r-devel-linux-x86_64-fedora-clang | 1.0.0 | 394.64 | NOTE | |||
r-devel-linux-x86_64-fedora-gcc | 1.0.0 | 373.77 | NOTE | |||
r-devel-windows-x86_64 | 1.0.0 | 69.00 | 284.00 | 353.00 | NOTE | |
r-patched-linux-x86_64 | 1.0.0 | 53.07 | 234.67 | 287.74 | NOTE | |
r-release-linux-x86_64 | 1.0.0 | 55.55 | 240.33 | 295.88 | NOTE | |
r-release-macos-arm64 | 1.0.0 | 106.00 | NOTE | |||
r-release-macos-x86_64 | 1.0.0 | 205.00 | NOTE | |||
r-release-windows-x86_64 | 1.0.0 | 81.00 | 291.00 | 372.00 | NOTE | |
r-oldrel-macos-arm64 | 1.0.0 | 109.00 | NOTE | |||
r-oldrel-macos-x86_64 | 1.0.0 | 193.00 | NOTE | |||
r-oldrel-windows-ix86+x86_64 | 1.0.0 | 157.00 | 203.00 | 360.00 | NOTE |
Version: 1.0.0
Check: for GNU extensions in Makefiles
Result: NOTE
GNU make is a SystemRequirements.
Flavors: r-devel-linux-x86_64-debian-clang, r-devel-linux-x86_64-debian-gcc, r-devel-linux-x86_64-fedora-clang, r-devel-linux-x86_64-fedora-gcc, r-devel-windows-x86_64, r-patched-linux-x86_64, r-release-linux-x86_64, r-release-macos-arm64, r-release-macos-x86_64, r-release-windows-x86_64, r-oldrel-macos-arm64, r-oldrel-macos-x86_64, r-oldrel-windows-ix86+x86_64