CRAN Package Check Results for Package patchSynctex

Last updated on 2020-09-18 15:52:54 CEST.

Flavor Version Tinstall Tcheck Ttotal Status Flags
r-devel-linux-x86_64-debian-clang 0.1-4 2.09 20.07 22.16 OK
r-devel-linux-x86_64-debian-gcc 0.1-4 1.66 16.00 17.66 OK
r-devel-linux-x86_64-fedora-clang 0.1-4 38.42 OK
r-devel-linux-x86_64-fedora-gcc 0.1-4 28.78 NOTE
r-devel-windows-ix86+x86_64 0.1-4 6.00 30.00 36.00 OK
r-patched-linux-x86_64 0.1-4 2.25 20.13 22.38 OK
r-patched-solaris-x86 0.1-4 45.40 OK
r-release-linux-x86_64 0.1-4 2.17 20.40 22.57 OK
r-release-macos-x86_64 0.1-4 OK
r-release-windows-ix86+x86_64 0.1-4 6.00 26.00 32.00 OK
r-oldrel-macos-x86_64 0.1-4 OK
r-oldrel-windows-ix86+x86_64 0.1-4 3.00 37.00 40.00 OK

Check Details

Version: 0.1-4
Check: for non-standard things in the check directory
Result: NOTE
    Found the following files/directories:
     ‘Minimal-concordance.tex’ ‘Minimal.Rnw’ ‘Minimal.pdf’
     ‘Minimal.synctex.gz’ ‘Minimal.tex’ ‘figure’
Flavor: r-devel-linux-x86_64-fedora-gcc