Last updated on 2023-10-01 05:05:49 CEST.
Flavor | Version | Tinstall | Tcheck | Ttotal | Status | Flags |
---|---|---|---|---|---|---|
r-devel-linux-x86_64-debian-clang | 0.2.3 | 24.78 | 134.84 | 159.62 | NOTE | |
r-devel-linux-x86_64-debian-gcc | 0.2.3 | 18.77 | 103.16 | 121.93 | NOTE | |
r-devel-linux-x86_64-fedora-clang | 0.2.3 | 196.30 | NOTE | |||
r-devel-linux-x86_64-fedora-gcc | 0.2.3 | 217.98 | NOTE | |||
r-devel-windows-x86_64 | 0.2.3 | 24.00 | 113.00 | 137.00 | NOTE | |
r-patched-linux-x86_64 | 0.2.3 | 20.24 | 127.86 | 148.10 | NOTE | |
r-release-linux-x86_64 | 0.2.3 | 17.41 | 125.18 | 142.59 | NOTE | |
r-release-macos-arm64 | 0.2.3 | 57.00 | NOTE | |||
r-release-macos-x86_64 | 0.2.3 | 92.00 | NOTE | |||
r-release-windows-x86_64 | 0.2.3 | 30.00 | 142.00 | 172.00 | NOTE | |
r-oldrel-macos-arm64 | 0.2.3 | 53.00 | OK | |||
r-oldrel-macos-x86_64 | 0.2.3 | 74.00 | OK | |||
r-oldrel-windows-x86_64 | 0.2.3 | 30.00 | 142.00 | 172.00 | OK |
Version: 0.2.3
Check: C++ specification
Result: NOTE
Specified C++11: please drop specification unless essential
Flavors: r-devel-linux-x86_64-debian-clang, r-devel-linux-x86_64-debian-gcc, r-devel-linux-x86_64-fedora-clang, r-devel-linux-x86_64-fedora-gcc, r-devel-windows-x86_64, r-patched-linux-x86_64, r-release-linux-x86_64, r-release-macos-arm64, r-release-macos-x86_64, r-release-windows-x86_64