Last updated on 2022-06-29 15:50:00 CEST.
Flavor | Version | Tinstall | Tcheck | Ttotal | Status | Flags |
---|---|---|---|---|---|---|
r-devel-linux-x86_64-debian-clang | 1.0.0 | 32.93 | 317.51 | 350.44 | OK | |
r-devel-linux-x86_64-debian-gcc | 1.0.0 | 28.95 | 232.56 | 261.51 | OK | |
r-devel-linux-x86_64-fedora-clang | 1.0.0 | 294.68 | NOTE | |||
r-devel-linux-x86_64-fedora-gcc | 1.0.0 | 441.72 | OK | |||
r-devel-windows-x86_64 | 1.0.0 | 219.00 | 357.00 | 576.00 | NOTE | |
r-patched-linux-x86_64 | 1.0.0 | 41.48 | 288.90 | 330.38 | OK | |
r-release-linux-x86_64 | 1.0.0 | 33.67 | 286.27 | 319.94 | OK | |
r-release-macos-arm64 | 1.0.0 | 104.00 | NOTE | |||
r-release-macos-x86_64 | 1.0.0 | 148.00 | NOTE | |||
r-release-windows-x86_64 | 1.0.0 | 208.00 | 337.00 | 545.00 | OK | |
r-oldrel-macos-arm64 | 1.0.0 | 95.00 | NOTE | |||
r-oldrel-macos-x86_64 | 1.0.0 | 151.00 | NOTE | |||
r-oldrel-windows-ix86+x86_64 | 1.0.0 | 55.00 | 339.00 | 394.00 | OK |
Version: 1.0.0
Check: Rd cross-references
Result: NOTE
Undeclared packages ‘partykit’, ‘Cubist’, ‘rules’, ‘baguette’, ‘ipred’, ‘dbarts’, ‘h2o’, ‘agua’, ‘lightgbm’, ‘bonsai’, ‘mboost’, ‘mda’, ‘sda’, ‘sparsediscrim’, ‘klaR’, ‘brulee’, ‘glmnet’, ‘rstan’, ‘rstanarm’, ‘naivebayes’, ‘plsmod’, ‘mixOmics’, ‘pscl’, ‘workflows’, ‘randomForest’, ‘xrf’, ‘flexsurv’, ‘broom’ in Rd xrefs
Flavor: r-devel-linux-x86_64-fedora-clang
Version: 1.0.0
Check: Rd cross-references
Result: NOTE
Unknown package 'bonsai' in Rd xrefs
Flavors: r-devel-windows-x86_64, r-release-macos-x86_64, r-oldrel-macos-arm64, r-oldrel-macos-x86_64
Version: 1.0.0
Check: Rd cross-references
Result: NOTE
Package unavailable to check Rd xrefs: ‘dbarts’
Unknown package ‘bonsai’ in Rd xrefs
Flavor: r-release-macos-arm64