CRAN Package Check Results for Package parsemsf

Last updated on 2020-09-22 16:02:35 CEST.

Flavor Version Tinstall Tcheck Ttotal Status Flags
r-devel-linux-x86_64-debian-clang 0.1.1 4.29 53.13 57.42 OK
r-devel-linux-x86_64-debian-gcc 0.1.1 3.01 40.71 43.72 OK
r-devel-linux-x86_64-fedora-clang 0.1.1 77.46 NOTE
r-devel-linux-x86_64-fedora-gcc 0.1.1 68.98 NOTE
r-devel-windows-ix86+x86_64 0.1.1 11.00 64.00 75.00 OK
r-patched-linux-x86_64 0.1.1 3.81 51.28 55.09 OK
r-patched-solaris-x86 0.1.1 95.00 NOTE
r-release-linux-x86_64 0.1.1 3.68 51.50 55.18 OK
r-release-macos-x86_64 0.1.1 NOTE
r-release-windows-ix86+x86_64 0.1.1 10.00 78.00 88.00 OK
r-oldrel-macos-x86_64 0.1.1 NOTE
r-oldrel-windows-ix86+x86_64 0.1.1 5.00 72.00 77.00 OK

Check Details

Version: 0.1.1
Check: dependencies in R code
Result: NOTE
    Namespace in Imports field not imported from: ‘dbplyr’
     All declared Imports should be used.
Flavors: r-devel-linux-x86_64-fedora-clang, r-devel-linux-x86_64-fedora-gcc, r-patched-solaris-x86, r-release-macos-x86_64, r-oldrel-macos-x86_64