CRAN Package Check Results for Package paropt

Last updated on 2020-10-23 15:48:13 CEST.

Flavor Version Tinstall Tcheck Ttotal Status Flags
r-devel-linux-x86_64-debian-clang 0.1 167.21 34.51 201.72 OK
r-devel-linux-x86_64-debian-gcc 0.1 123.20 29.53 152.73 OK
r-devel-linux-x86_64-fedora-clang 0.1 292.23 NOTE
r-devel-linux-x86_64-fedora-gcc 0.1 278.59 OK
r-devel-windows-ix86+x86_64 0.1 364.00 97.00 461.00 OK
r-patched-linux-x86_64 0.1 150.11 36.60 186.71 OK
r-patched-solaris-x86 0.1 216.30 OK
r-release-linux-x86_64 0.1 151.05 36.66 187.71 OK
r-release-macos-x86_64 0.1 NOTE
r-release-windows-ix86+x86_64 0.1 284.00 74.00 358.00 OK
r-oldrel-macos-x86_64 0.1 NOTE
r-oldrel-windows-ix86+x86_64 0.1 339.00 68.00 407.00 OK

Check Details

Version: 0.1
Check: installed package size
Result: NOTE
     installed size is 10.3Mb
     sub-directories of 1Mb or more:
     libs 6.1Mb
Flavors: r-devel-linux-x86_64-fedora-clang, r-release-macos-x86_64, r-oldrel-macos-x86_64