Last updated on 2022-07-04 15:54:48 CEST.
Flavor | Version | Tinstall | Tcheck | Ttotal | Status | Flags |
---|---|---|---|---|---|---|
r-devel-linux-x86_64-debian-clang | 2.7.6 | 9.73 | 222.28 | 232.01 | NOTE | |
r-devel-linux-x86_64-debian-gcc | 2.7.6 | 7.73 | 163.16 | 170.89 | NOTE | |
r-devel-linux-x86_64-fedora-clang | 2.7.6 | 279.92 | NOTE | |||
r-devel-linux-x86_64-fedora-gcc | 2.7.6 | 281.15 | NOTE | |||
r-devel-windows-x86_64 | 2.7.6 | 24.00 | 267.00 | 291.00 | OK | |
r-patched-linux-x86_64 | 2.7.6 | 12.62 | 209.55 | 222.17 | NOTE | |
r-release-linux-x86_64 | 2.7.6 | 7.82 | 209.87 | 217.69 | NOTE | |
r-release-macos-arm64 | 2.7.6 | 74.00 | OK | |||
r-release-macos-x86_64 | 2.7.6 | 103.00 | OK | |||
r-release-windows-x86_64 | 2.7.6 | 25.00 | 267.00 | 292.00 | OK | |
r-oldrel-macos-arm64 | 2.7.6 | 76.00 | OK | |||
r-oldrel-macos-x86_64 | 2.7.6 | 132.00 | OK | |||
r-oldrel-windows-ix86+x86_64 | 2.7.6 | 22.00 | 256.00 | 278.00 | OK |
Version: 2.7.6
Check: for non-standard things in the check directory
Result: NOTE
Found the following files/directories:
'NUL'
Flavors: r-devel-linux-x86_64-debian-clang, r-devel-linux-x86_64-debian-gcc, r-devel-linux-x86_64-fedora-clang, r-devel-linux-x86_64-fedora-gcc, r-patched-linux-x86_64, r-release-linux-x86_64